Last updated on 2022-08-18 23:58:38 CEST.
Flavor | Version | Tinstall | Tcheck | Ttotal | Status | Flags |
---|---|---|---|---|---|---|
r-devel-linux-x86_64-debian-clang | 1.0.400 | 13.36 | 93.39 | 106.75 | OK | |
r-devel-linux-x86_64-debian-gcc | 1.0.400 | 9.02 | 69.78 | 78.80 | OK | |
r-devel-linux-x86_64-fedora-clang | 1.0.400 | 146.21 | OK | |||
r-devel-linux-x86_64-fedora-gcc | 1.0.400 | 142.86 | OK | |||
r-devel-windows-x86_64 | 1.0.400 | 59.00 | 122.00 | 181.00 | OK | |
r-patched-linux-x86_64 | 1.0.400 | 11.87 | 88.67 | 100.54 | OK | |
r-release-linux-x86_64 | 1.0.400 | OK | ||||
r-release-macos-arm64 | 1.0.400 | 38.00 | OK | |||
r-release-macos-x86_64 | 1.0.400 | 6.00 | ERROR | |||
r-release-windows-x86_64 | 1.0.400 | 62.00 | 125.00 | 187.00 | OK | |
r-oldrel-macos-arm64 | 1.0.400 | 44.00 | OK | |||
r-oldrel-macos-x86_64 | 1.0.400 | 52.00 | OK | |||
r-oldrel-windows-ix86+x86_64 | 1.0.400 | 26.00 | 109.00 | 135.00 | OK |
Version: 1.0.400
Check: package dependencies
Result: ERROR
Package required but not available: ‘scrypt’
See section ‘The DESCRIPTION file’ in the ‘Writing R Extensions’
manual.
Flavor: r-release-macos-x86_64