Last updated on 2021-04-22 23:49:55 CEST.
Flavor | Version | Tinstall | Tcheck | Ttotal | Status | Flags |
---|---|---|---|---|---|---|
r-devel-linux-x86_64-debian-clang | 0.1.7 | 7.55 | 71.33 | 78.88 | NOTE | |
r-devel-linux-x86_64-debian-gcc | 0.1.7 | 5.89 | 53.82 | 59.71 | NOTE | |
r-devel-linux-x86_64-fedora-clang | 0.1.7 | 104.54 | NOTE | |||
r-devel-linux-x86_64-fedora-gcc | 0.1.7 | 89.67 | NOTE | |||
r-devel-windows-ix86+x86_64 | 0.1.7 | 19.00 | 94.00 | 113.00 | NOTE | |
r-devel-windows-x86_64-gcc10-UCRT | 0.1.7 | NOTE | ||||
r-patched-linux-x86_64 | 0.1.7 | 7.99 | 66.00 | 73.99 | OK | |
r-patched-solaris-x86 | 0.1.7 | 133.00 | OK | |||
r-release-linux-x86_64 | 0.1.7 | 7.24 | 65.81 | 73.05 | OK | |
r-release-macos-x86_64 | 0.1.7 | OK | ||||
r-release-windows-ix86+x86_64 | 0.1.7 | 20.00 | 94.00 | 114.00 | OK | |
r-oldrel-macos-x86_64 | 0.1.7 | OK | ||||
r-oldrel-windows-ix86+x86_64 | 0.1.7 | 29.00 | 88.00 | 117.00 | OK |
Version: 0.1.7
Check: LazyData
Result: NOTE
'LazyData' is specified without a 'data' directory
Flavors: r-devel-linux-x86_64-debian-clang, r-devel-linux-x86_64-debian-gcc, r-devel-linux-x86_64-fedora-clang, r-devel-linux-x86_64-fedora-gcc, r-devel-windows-ix86+x86_64, r-devel-windows-x86_64-gcc10-UCRT