CRAN Package Check Results for Package shinyloadtest

Last updated on 2022-08-11 23:52:21 CEST.

Flavor Version Tinstall Tcheck Ttotal Status Flags
r-devel-linux-x86_64-debian-clang 1.1.0 8.71 63.08 71.79 OK
r-devel-linux-x86_64-debian-gcc 1.1.0 7.86 46.98 54.84 OK
r-devel-linux-x86_64-fedora-clang 1.1.0 95.64 NOTE
r-devel-linux-x86_64-fedora-gcc 1.1.0 100.32 NOTE
r-devel-windows-x86_64 1.1.0 73.00 87.00 160.00 OK
r-patched-linux-x86_64 1.1.0 10.54 59.28 69.82 OK
r-release-linux-x86_64 1.1.0 6.88 58.82 65.70 OK
r-release-macos-arm64 1.1.0 25.00 NOTE
r-release-macos-x86_64 1.1.0 54.00 NOTE
r-release-windows-x86_64 1.1.0 69.00 87.00 156.00 OK
r-oldrel-macos-arm64 1.1.0 31.00 NOTE
r-oldrel-macos-x86_64 1.1.0 47.00 NOTE
r-oldrel-windows-ix86+x86_64 1.1.0 20.00 79.00 99.00 OK

Check Details

Version: 1.1.0
Check: dependencies in R code
Result: NOTE
    Namespaces in Imports field not imported from:
     ‘R6’ ‘scales’ ‘websocket’
     All declared Imports should be used.
Flavors: r-devel-linux-x86_64-fedora-clang, r-devel-linux-x86_64-fedora-gcc, r-release-macos-arm64, r-release-macos-x86_64, r-oldrel-macos-arm64, r-oldrel-macos-x86_64