Last updated on 2021-02-25 23:49:11 CET.
Flavor | Version | Tinstall | Tcheck | Ttotal | Status | Flags |
---|---|---|---|---|---|---|
r-devel-linux-x86_64-debian-clang | 1.1.0 | 1.69 | 20.40 | 22.09 | OK | |
r-devel-linux-x86_64-debian-gcc | 1.1.0 | 1.43 | 16.27 | 17.70 | OK | |
r-devel-linux-x86_64-fedora-clang | 1.1.0 | 37.69 | NOTE | |||
r-devel-linux-x86_64-fedora-gcc | 1.1.0 | 26.97 | NOTE | |||
r-devel-windows-ix86+x86_64 | 1.1.0 | 6.00 | 28.00 | 34.00 | OK | |
r-patched-linux-x86_64 | 1.1.0 | 1.91 | 20.29 | 22.20 | OK | |
r-patched-solaris-x86 | 1.1.0 | 40.40 | NOTE | |||
r-release-linux-x86_64 | 1.1.0 | 1.60 | 20.22 | 21.82 | OK | |
r-release-macos-x86_64 | 1.1.0 | NOTE | ||||
r-release-windows-ix86+x86_64 | 1.1.0 | 5.00 | 43.00 | 48.00 | OK | |
r-oldrel-macos-x86_64 | 1.1.0 | NOTE | ||||
r-oldrel-windows-ix86+x86_64 | 1.1.0 | 2.00 | 29.00 | 31.00 | OK |
Version: 1.1.0
Check: dependencies in R code
Result: NOTE
Namespace in Imports field not imported from: ‘httr’
All declared Imports should be used.
Flavors: r-devel-linux-x86_64-fedora-clang, r-devel-linux-x86_64-fedora-gcc, r-patched-solaris-x86, r-release-macos-x86_64, r-oldrel-macos-x86_64