CRAN Package Check Results for Package shinydashboardPlus

Last updated on 2022-08-13 23:51:57 CEST.

Flavor Version Tinstall Tcheck Ttotal Status Flags
r-devel-linux-x86_64-debian-clang 2.0.3 7.28 66.21 73.49 NOTE
r-devel-linux-x86_64-debian-gcc 2.0.3 6.23 50.72 56.95 NOTE
r-devel-linux-x86_64-fedora-clang 2.0.3 103.31 OK
r-devel-linux-x86_64-fedora-gcc 2.0.3 92.92 OK
r-devel-windows-x86_64 2.0.3 142.00 139.00 281.00 OK
r-patched-linux-x86_64 2.0.3 12.43 60.76 73.19 OK
r-release-linux-x86_64 2.0.3 6.50 61.56 68.06 OK
r-release-macos-arm64 2.0.3 69.00 OK
r-release-macos-x86_64 2.0.3 108.00 OK
r-release-windows-x86_64 2.0.3 453.00 440.00 893.00 OK
r-oldrel-macos-arm64 2.0.3 34.00 OK
r-oldrel-macos-x86_64 2.0.3 56.00 OK
r-oldrel-windows-ix86+x86_64 2.0.3 16.00 94.00 110.00 OK

Check Details

Version: 2.0.3
Check: HTML version of manual
Result: NOTE
    Found the following HTML validation problems:
    accordion.html:67:31: Warning: trimming empty <span>
    accordion.html:70:31: Warning: trimming empty <span>
    accordion.html:73:28: Warning: trimming empty <span>
    accordion.html:76:31: Warning: trimming empty <span>
    accordion.html:79:30: Warning: trimming empty <span>
    accordion.html:82:28: Warning: trimming empty <span>
    accordion.html:85:28: Warning: trimming empty <span>
    accordion.html:88:30: Warning: trimming empty <span>
    accordion.html:91:30: Warning: trimming empty <span>
    accordion.html:94:30: Warning: trimming empty <span>
    accordion.html:97:29: Warning: trimming empty <span>
    box.html:115:31: Warning: trimming empty <span>
    box.html:118:31: Warning: trimming empty <span>
    box.html:121:28: Warning: trimming empty <span>
    box.html:124:31: Warning: trimming empty <span>
    box.html:127:30: Warning: trimming empty <span>
    box.html:130:28: Warning: trimming empty <span>
    box.html:133:28: Warning: trimming empty <span>
    box.html:136:30: Warning: trimming empty <span>
    box.html:139:30: Warning: trimming empty <span>
    box.html:142:30: Warning: trimming empty <span>
    box.html:145:29: Warning: trimming empty <span>
    box.html:163:51: Warning: trimming empty <span>
    box.html:166:43: Warning: trimming empty <span>
    box.html:169:46: Warning: trimming empty <span>
    box.html:172:42: Warning: trimming empty <span>
    box.html:175:47: Warning: trimming empty <span>
    box.html:178:28: Warning: trimming empty <span>
    box.html:181:28: Warning: trimming empty <span>
    box.html:184:28: Warning: trimming empty <span>
    box.html:187:29: Warning: trimming empty <span>
    box.html:190:28: Warning: trimming empty <span>
    box.html:193:30: Warning: trimming empty <span>
    box.html:196:31: Warning: trimming empty <span>
    box.html:199:30: Warning: trimming empty <span>
    box.html:202:30: Warning: trimming empty <span>
    box.html:205:29: Warning: trimming empty <span>
    box.html:208:28: Warning: trimming empty <span>
    box.html:299:51: Warning: trimming empty <span>
    box.html:302:43: Warning: trimming empty <span>
    box.html:305:46: Warning: trimming empty <span>
    box.html:308:42: Warning: trimming empty <span>
    box.html:311:47: Warning: trimming empty <span>
    box.html:314:28: Warning: trimming empty <span>
    box.html:317:28: Warning: trimming empty <span>
    box.html:320:28: Warning: trimming empty <span>
    box.html:323:29: Warning: trimming empty <span>
    box.html:326:28: Warning: trimming empty <span>
    box.html:329:30: Warning: trimming empty <span>
    box.html:332:31: Warning: trimming empty <span>
    box.html:335:30: Warning: trimming empty <span>
    box.html:338:30: Warning: trimming empty <span>
    box.html:341:29: Warning: trimming empty <span>
    box.html:344:28: Warning: trimming empty <span>
    box.html:363:51: Warning: trimming empty <span>
    box.html:366:43: Warning: trimming empty <span>
    box.html:369:46: Warning: trimming empty <span>
    box.html:372:42: Warning: trimming empty <span>
    box.html:375:47: Warning: trimming empty <span>
    box.html:378:28: Warning: trimming empty <span>
    box.html:381:28: Warning: trimming empty <span>
    box.html:384:28: Warning: trimming empty <span>
    box.html:387:29: Warning: trimming empty <span>
    box.html:390:28: Warning: trimming empty <span>
    box.html:393:30: Warning: trimming empty <span>
    box.html:396:31: Warning: trimming empty <span>
    box.html:399:30: Warning: trimming empty <span>
    box.html:402:30: Warning: trimming empty <span>
    box.html:405:29: Warning: trimming empty <span>
    box.html:408:28: Warning: trimming empty <span>
    boxLabel.html:47:31: Warning: trimming empty <span>
    boxLabel.html:50:31: Warning: trimming empty <span>
    boxLabel.html:53:28: Warning: trimming empty <span>
    boxLabel.html:56:31: Warning: trimming empty <span>
    boxLabel.html:59:30: Warning: trimming empty <span>
    dashboardBadge.html:48:51: Warning: trimming empty <span>
    dashboardBadge.html:51:43: Warning: trimming empty <span>
    dashboardBadge.html:54:46: Warning: trimming empty <span>
    dashboardBadge.html:57:42: Warning: trimming empty <span>
    dashboardBadge.html:60:47: Warning: trimming empty <span>
    dashboardBadge.html:63:28: Warning: trimming empty <span>
    dashboardBadge.html:66:28: Warning: trimming empty <span>
    dashboardBadge.html:69:28: Warning: trimming empty <span>
    dashboardBadge.html:72:29: Warning: trimming empty <span>
    dashboardBadge.html:75:28: Warning: trimming empty <span>
    dashboardBadge.html:78:30: Warning: trimming empty <span>
    dashboardBadge.html:81:31: Warning: trimming empty <span>
    dashboardBadge.html:84:30: Warning: trimming empty <span>
    dashboardBadge.html:87:30: Warning: trimming empty <span>
    dashboardBadge.html:90:29: Warning: trimming empty <span>
    dashboardBadge.html:93:28: Warning: trimming empty <span>
    dashboardLabel.html:46:31: Warning: trimming empty <span>
    dashboardLabel.html:49:31: Warning: trimming empty <span>
    dashboardLabel.html:52:28: Warning: trimming empty <span>
    dashboardLabel.html:55:31: Warning: trimming empty <span>
    dashboardLabel.html:58:30: Warning: trimming empty <span>
    navPills.html:83:51: Warning: trimming empty <span>
    navPills.html:86:43: Warning: trimming empty <span>
    navPills.html:89:46: Warning: trimming empty <span>
    navPills.html:92:42: Warning: trimming empty <span>
    navPills.html:95:47: Warning: trimming empty <span>
    navPills.html:98:28: Warning: trimming empty <span>
    navPills.html:101:28: Warning: trimming empty <span>
    navPills.html:104:28: Warning: trimming empty <span>
    navPills.html:107:29: Warning: trimming empty <span>
    navPills.html:110:28: Warning: trimming empty <span>
    navPills.html:113:30: Warning: trimming empty <span>
    navPills.html:116:31: Warning: trimming empty <span>
    navPills.html:119:30: Warning: trimming empty <span>
    navPills.html:122:30: Warning: trimming empty <span>
    navPills.html:125:29: Warning: trimming empty <span>
    navPills.html:128:28: Warning: trimming empty <span>
    productList.html:63:51: Warning: trimming empty <span>
    productList.html:66:43: Warning: trimming empty <span>
    productList.html:69:46: Warning: trimming empty <span>
    productList.html:72:42: Warning: trimming empty <span>
    productList.html:75:47: Warning: trimming empty <span>
    productList.html:78:28: Warning: trimming empty <span>
    productList.html:81:28: Warning: trimming empty <span>
    productList.html:84:28: Warning: trimming empty <span>
    productList.html:87:29: Warning: trimming empty <span>
    productList.html:90:28: Warning: trimming empty <span>
    productList.html:93:30: Warning: trimming empty <span>
    productList.html:96:31: Warning: trimming empty <span>
    productList.html:99:30: Warning: trimming empty <span>
    productList.html:102:30: Warning: trimming empty <span>
    productList.html:105:29: Warning: trimming empty <span>
    productList.html:108:28: Warning: trimming empty <span>
    progressBar.html:79:31: Warning: trimming empty <span>
    progressBar.html:82:31: Warning: trimming empty <span>
    progressBar.html:85:28: Warning: trimming empty <span>
    progressBar.html:88:31: Warning: trimming empty <span>
    progressBar.html:91:30: Warning: trimming empty <span>
    starBlock.html:51:51: Warning: trimming empty <span>
    starBlock.html:54:43: Warning: trimming empty <span>
    starBlock.html:57:46: Warning: trimming empty <span>
    starBlock.html:60:42: Warning: trimming empty <span>
    starBlock.html:63:47: Warning: trimming empty <span>
    starBlock.html:66:28: Warning: trimming empty <span>
    starBlock.html:69:28: Warning: trimming empty <span>
    starBlock.html:72:28: Warning: trimming empty <span>
    starBlock.html:75:29: Warning: trimming empty <span>
    starBlock.html:78:28: Warning: trimming empty <span>
    starBlock.html:81:30: Warning: trimming empty <span>
    starBlock.html:84:31: Warning: trimming empty <span>
    starBlock.html:87:30: Warning: trimming empty <span>
    starBlock.html:90:30: Warning: trimming empty <span>
    starBlock.html:93:29: Warning: trimming empty <span>
    starBlock.html:96:28: Warning: trimming empty <span>
    timeline.html:84:51: Warning: trimming empty <span>
    timeline.html:87:43: Warning: trimming empty <span>
    timeline.html:90:46: Warning: trimming empty <span>
    timeline.html:93:42: Warning: trimming empty <span>
    timeline.html:96:47: Warning: trimming empty <span>
    timeline.html:99:28: Warning: trimming empty <span>
    timeline.html:102:28: Warning: trimming empty <span>
    timeline.html:105:28: Warning: trimming empty <span>
    timeline.html:108:29: Warning: trimming empty <span>
    timeline.html:111:28: Warning: trimming empty <span>
    timeline.html:114:30: Warning: trimming empty <span>
    timeline.html:117:31: Warning: trimming empty <span>
    timeline.html:120:30: Warning: trimming empty <span>
    timeline.html:123:30: Warning: trimming empty <span>
    timeline.html:126:29: Warning: trimming empty <span>
    timeline.html:129:28: Warning: trimming empty <span>
    userBox.html:84:31: Warning: trimming empty <span>
    userBox.html:87:31: Warning: trimming empty <span>
    userBox.html:90:28: Warning: trimming empty <span>
    userBox.html:93:31: Warning: trimming empty <span>
    userBox.html:96:30: Warning: trimming empty <span>
    userBox.html:99:28: Warning: trimming empty <span>
    userBox.html:102:28: Warning: trimming empty <span>
    userBox.html:105:30: Warning: trimming empty <span>
    userBox.html:108:30: Warning: trimming empty <span>
    userBox.html:111:30: Warning: trimming empty <span>
    userBox.html:114:29: Warning: trimming empty <span>
    userBox.html:128:51: Warning: trimming empty <span>
    userBox.html:131:43: Warning: trimming empty <span>
    userBox.html:134:46: Warning: trimming empty <span>
    userBox.html:137:42: Warning: trimming empty <span>
    userBox.html:140:47: Warning: trimming empty <span>
    userBox.html:143:28: Warning: trimming empty <span>
    userBox.html:146:28: Warning: trimming empty <span>
    userBox.html:149:28: Warning: trimming empty <span>
    userBox.html:152:29: Warning: trimming empty <span>
    userBox.html:155:28: Warning: trimming empty <span>
    userBox.html:158:30: Warning: trimming empty <span>
    userBox.html:161:31: Warning: trimming empty <span>
    userBox.html:164:30: Warning: trimming empty <span>
    userBox.html:167:30: Warning: trimming empty <span>
    userBox.html:170:29: Warning: trimming empty <span>
    userBox.html:173:28: Warning: trimming empty <span>
    userMessage.html:73:31: Warning: trimming empty <span>
    userMessage.html:76:31: Warning: trimming empty <span>
    userMessage.html:79:28: Warning: trimming empty <span>
    userMessage.html:82:31: Warning: trimming empty <span>
    userMessage.html:85:30: Warning: trimming empty <span>
Flavors: r-devel-linux-x86_64-debian-clang, r-devel-linux-x86_64-debian-gcc