CRAN Package Check Results for Package shinyalert

Last updated on 2020-11-27 00:09:07 CET.

Flavor Version Tinstall Tcheck Ttotal Status Flags
r-devel-linux-x86_64-debian-clang 2.0.0 2.91 28.92 31.83 OK
r-devel-linux-x86_64-debian-gcc 2.0.0 2.35 21.57 23.92 OK
r-devel-linux-x86_64-fedora-clang 2.0.0 39.44 NOTE
r-devel-linux-x86_64-fedora-gcc 2.0.0 30.74 NOTE
r-devel-windows-ix86+x86_64 2.0.0 6.00 31.00 37.00 OK
r-patched-linux-x86_64 2.0.0 2.76 29.17 31.93 OK
r-patched-solaris-x86 2.0.0 44.20 NOTE
r-release-linux-x86_64 2.0.0 3.30 26.92 30.22 OK
r-release-macos-x86_64 2.0.0 NOTE
r-release-windows-ix86+x86_64 2.0.0 6.00 39.00 45.00 OK
r-oldrel-macos-x86_64 2.0.0 NOTE
r-oldrel-windows-ix86+x86_64 2.0.0 4.00 36.00 40.00 OK

Check Details

Version: 2.0.0
Check: dependencies in R code
Result: NOTE
    Namespace in Imports field not imported from: ‘stats’
     All declared Imports should be used.
Flavors: r-devel-linux-x86_64-fedora-clang, r-devel-linux-x86_64-fedora-gcc, r-patched-solaris-x86, r-release-macos-x86_64, r-oldrel-macos-x86_64