CRAN Package Check Results for Package shinyMonacoEditor

Last updated on 2022-11-29 22:53:48 CET.

Flavor Version Tinstall Tcheck Ttotal Status Flags
r-devel-linux-x86_64-debian-clang 1.1.0 5.43 36.66 42.09 NOTE
r-devel-linux-x86_64-debian-gcc 1.1.0 4.86 28.86 33.72 NOTE
r-devel-linux-x86_64-fedora-clang 1.1.0 61.15 NOTE
r-devel-linux-x86_64-fedora-gcc 1.1.0 58.53 NOTE
r-devel-windows-x86_64 1.1.0 283.00 79.00 362.00 NOTE
r-patched-linux-x86_64 1.1.0 6.52 36.08 42.60 NOTE
r-release-linux-x86_64 1.1.0 5.94 35.71 41.65 NOTE
r-release-macos-arm64 1.1.0 20.00 NOTE
r-release-macos-x86_64 1.1.0 39.00 NOTE
r-release-windows-x86_64 1.1.0 366.00 78.00 444.00 NOTE
r-oldrel-macos-arm64 1.1.0 26.00 NOTE
r-oldrel-macos-x86_64 1.1.0 34.00 NOTE
r-oldrel-windows-ix86+x86_64 1.1.0 16.00 61.00 77.00 NOTE

Check Details

Version: 1.1.0
Check: LazyData
Result: NOTE
     'LazyData' is specified without a 'data' directory
Flavors: r-devel-linux-x86_64-debian-clang, r-devel-linux-x86_64-debian-gcc, r-devel-linux-x86_64-fedora-clang, r-devel-linux-x86_64-fedora-gcc, r-devel-windows-x86_64, r-patched-linux-x86_64, r-release-linux-x86_64, r-release-macos-arm64, r-release-macos-x86_64, r-release-windows-x86_64, r-oldrel-macos-arm64, r-oldrel-macos-x86_64, r-oldrel-windows-ix86+x86_64

Version: 1.1.0
Check: installed package size
Result: NOTE
     installed size is 21.6Mb
     sub-directories of 1Mb or more:
     shinyApp 21.4Mb
Flavors: r-devel-linux-x86_64-fedora-clang, r-devel-windows-x86_64, r-release-macos-arm64, r-release-macos-x86_64, r-release-windows-x86_64, r-oldrel-macos-arm64, r-oldrel-macos-x86_64, r-oldrel-windows-ix86+x86_64