CRAN Package Check Results for Package shinyMolBio

Last updated on 2022-10-06 23:56:20 CEST.

Flavor Version Tinstall Tcheck Ttotal Status Flags
r-devel-linux-x86_64-debian-clang 0.2 9.73 85.08 94.81 NOTE
r-devel-linux-x86_64-debian-gcc 0.2 6.98 61.79 68.77 NOTE
r-devel-linux-x86_64-fedora-clang 0.2 130.63 NOTE
r-devel-linux-x86_64-fedora-gcc 0.2 116.73 NOTE
r-devel-windows-x86_64 0.2 23.00 105.00 128.00 NOTE
r-patched-linux-x86_64 0.2 5.84 78.82 84.66 NOTE
r-release-linux-x86_64 0.2 6.87 78.94 85.81 NOTE
r-release-macos-arm64 0.2 35.00 NOTE
r-release-macos-x86_64 0.2 56.00 NOTE
r-release-windows-x86_64 0.2 23.00 103.00 126.00 NOTE
r-oldrel-macos-arm64 0.2 44.00 NOTE
r-oldrel-macos-x86_64 0.2 59.00 NOTE
r-oldrel-windows-ix86+x86_64 0.2 23.00 103.00 126.00 NOTE

Check Details

Version: 0.2
Check: LazyData
Result: NOTE
     'LazyData' is specified without a 'data' directory
Flavors: r-devel-linux-x86_64-debian-clang, r-devel-linux-x86_64-debian-gcc, r-devel-linux-x86_64-fedora-clang, r-devel-linux-x86_64-fedora-gcc, r-devel-windows-x86_64, r-patched-linux-x86_64, r-release-linux-x86_64, r-release-macos-arm64, r-release-macos-x86_64, r-release-windows-x86_64, r-oldrel-macos-arm64, r-oldrel-macos-x86_64, r-oldrel-windows-ix86+x86_64