CRAN Package Check Results for Package shinyML

Last updated on 2022-09-25 23:56:25 CEST.

Flavor Version Tinstall Tcheck Ttotal Status Flags
r-devel-linux-x86_64-debian-clang 1.0.1 16.48 116.46 132.94 NOTE
r-devel-linux-x86_64-debian-gcc 1.0.1 15.37 87.63 103.00 NOTE
r-devel-linux-x86_64-fedora-clang 1.0.1 174.10 NOTE
r-devel-linux-x86_64-fedora-gcc 1.0.1 148.89 NOTE
r-devel-windows-x86_64 1.0.1 28.00 135.00 163.00 NOTE
r-patched-linux-x86_64 1.0.1 10.98 109.51 120.49 NOTE
r-release-linux-x86_64 1.0.1 12.83 110.46 123.29 NOTE
r-release-macos-arm64 1.0.1 43.00 NOTE
r-release-macos-x86_64 1.0.1 73.00 NOTE
r-release-windows-x86_64 1.0.1 21.00 134.00 155.00 NOTE
r-oldrel-macos-arm64 1.0.1 53.00 NOTE
r-oldrel-macos-x86_64 1.0.1 80.00 NOTE
r-oldrel-windows-ix86+x86_64 1.0.1 37.00 133.00 170.00 NOTE

Check Details

Version: 1.0.1
Check: LazyData
Result: NOTE
     'LazyData' is specified without a 'data' directory
Flavors: r-devel-linux-x86_64-debian-clang, r-devel-linux-x86_64-debian-gcc, r-devel-linux-x86_64-fedora-clang, r-devel-linux-x86_64-fedora-gcc, r-devel-windows-x86_64, r-patched-linux-x86_64, r-release-linux-x86_64, r-release-macos-arm64, r-release-macos-x86_64, r-release-windows-x86_64, r-oldrel-macos-arm64, r-oldrel-macos-x86_64, r-oldrel-windows-ix86+x86_64