CRAN Package Check Results for Package shinyBS

Last updated on 2021-02-24 23:49:48 CET.

Flavor Version Tinstall Tcheck Ttotal Status Flags
r-devel-linux-x86_64-debian-clang 0.61 3.52 33.43 36.95 NOTE
r-devel-linux-x86_64-debian-gcc 0.61 2.72 26.75 29.47 NOTE
r-devel-linux-x86_64-fedora-clang 0.61 54.58 NOTE
r-devel-linux-x86_64-fedora-gcc 0.61 43.93 NOTE
r-devel-windows-ix86+x86_64 0.61 6.00 39.00 45.00 NOTE
r-patched-linux-x86_64 0.61 3.27 32.72 35.99 NOTE
r-patched-solaris-x86 0.61 65.20 NOTE
r-release-linux-x86_64 0.61 3.46 32.84 36.30 NOTE
r-release-macos-x86_64 0.61 NOTE
r-release-windows-ix86+x86_64 0.61 8.00 55.00 63.00 NOTE
r-oldrel-macos-x86_64 0.61 NOTE
r-oldrel-windows-ix86+x86_64 0.61 5.00 55.00 60.00 NOTE

Check Details

Version: 0.61
Check: R code for possible problems
Result: NOTE
    popify: no visible global function definition for 'runif'
    tipify: no visible global function definition for 'runif'
    Undefined global functions or variables:
     runif
    Consider adding
     importFrom("stats", "runif")
    to your NAMESPACE file.
Flavors: r-devel-linux-x86_64-debian-clang, r-devel-linux-x86_64-debian-gcc, r-devel-linux-x86_64-fedora-clang, r-devel-linux-x86_64-fedora-gcc, r-devel-windows-ix86+x86_64, r-patched-linux-x86_64, r-patched-solaris-x86, r-release-linux-x86_64, r-release-macos-x86_64, r-release-windows-ix86+x86_64, r-oldrel-macos-x86_64, r-oldrel-windows-ix86+x86_64