Last updated on 2022-07-04 23:53:34 CEST.
Flavor | Version | Tinstall | Tcheck | Ttotal | Status | Flags |
---|---|---|---|---|---|---|
r-devel-linux-x86_64-debian-clang | 1.9 | 21.38 | 196.01 | 217.39 | NOTE | |
r-devel-linux-x86_64-debian-gcc | 1.9 | 18.23 | 142.69 | 160.92 | NOTE | |
r-devel-linux-x86_64-fedora-clang | 1.9 | 271.98 | NOTE | |||
r-devel-linux-x86_64-fedora-gcc | 1.9 | 255.86 | NOTE | |||
r-devel-windows-x86_64 | 1.9 | 81.00 | 209.00 | 290.00 | NOTE | |
r-patched-linux-x86_64 | 1.9 | 25.67 | 181.11 | 206.78 | NOTE | |
r-release-linux-x86_64 | 1.9 | 15.33 | 179.64 | 194.97 | NOTE | |
r-release-macos-arm64 | 1.9 | 116.00 | NOTE | |||
r-release-macos-x86_64 | 1.9 | 205.00 | NOTE | |||
r-release-windows-x86_64 | 1.9 | 66.00 | 210.00 | 276.00 | NOTE | |
r-oldrel-macos-arm64 | 1.9 | 115.00 | NOTE | |||
r-oldrel-macos-x86_64 | 1.9 | 158.00 | NOTE | |||
r-oldrel-windows-ix86+x86_64 | 1.9 | 44.00 | 211.00 | 255.00 | NOTE |
Version: 1.9
Check: package dependencies
Result: NOTE
Package suggested but not available for checking: 'hydromad'
Flavors: r-devel-linux-x86_64-debian-clang, r-devel-linux-x86_64-debian-gcc, r-devel-linux-x86_64-fedora-clang, r-devel-linux-x86_64-fedora-gcc, r-devel-windows-x86_64, r-patched-linux-x86_64, r-release-linux-x86_64, r-release-macos-arm64, r-release-macos-x86_64, r-release-windows-x86_64, r-oldrel-macos-arm64, r-oldrel-macos-x86_64, r-oldrel-windows-ix86+x86_64