CRAN Package Check Results for Package sharpeRratio

Last updated on 2019-10-20 23:47:37 CEST.

Flavor Version Tinstall Tcheck Ttotal Status Flags
r-devel-linux-x86_64-debian-clang 1.1 17.63 25.16 42.79 OK
r-devel-linux-x86_64-debian-gcc 1.1 11.01 20.49 31.50 OK
r-devel-linux-x86_64-fedora-clang 1.1 55.36 NOTE
r-devel-linux-x86_64-fedora-gcc 1.1 50.93 NOTE
r-devel-windows-ix86+x86_64 1.1 31.00 76.00 107.00 OK
r-patched-linux-x86_64 1.1 12.64 24.73 37.37 OK
r-patched-solaris-x86 1.1 67.20 OK
r-release-linux-x86_64 1.1 12.80 24.87 37.67 OK
r-release-windows-ix86+x86_64 1.1 42.00 82.00 124.00 OK
r-release-osx-x86_64 1.1 OK
r-oldrel-windows-ix86+x86_64 1.1 24.00 51.00 75.00 OK
r-oldrel-osx-x86_64 1.1 OK

Check Details

Version: 1.1
Check: compiled code
Result: NOTE
    File ‘sharpeRratio/libs/sharpeRratio.so’:
     Found no calls to: ‘R_registerRoutines’, ‘R_useDynamicSymbols’
    
    It is good practice to register native routines and to disable symbol
    search.
    
    See ‘Writing portable packages’ in the ‘Writing R Extensions’ manual.
Flavors: r-devel-linux-x86_64-fedora-clang, r-devel-linux-x86_64-fedora-gcc