CRAN Package Check Results for Package sharp

Last updated on 2022-12-07 23:55:25 CET.

Flavor Version Tinstall Tcheck Ttotal Status Flags
r-devel-linux-x86_64-debian-clang 1.2.0 8.89 352.69 361.58 OK
r-devel-linux-x86_64-debian-gcc 1.2.0 7.75 249.64 257.39 OK
r-devel-linux-x86_64-fedora-clang 1.2.0 456.09 NOTE
r-devel-linux-x86_64-fedora-gcc 1.2.0 439.04 NOTE
r-devel-windows-x86_64 1.2.0 45.00 373.00 418.00 OK
r-patched-linux-x86_64 1.2.0 16.10 328.12 344.22 OK
r-release-linux-x86_64 1.2.0 8.29 339.90 348.19 OK
r-release-macos-arm64 1.2.0 97.00 NOTE
r-release-macos-x86_64 1.2.0 129.00 NOTE
r-release-windows-x86_64 1.2.0 53.00 359.00 412.00 OK
r-oldrel-macos-arm64 1.2.0 79.00 NOTE
r-oldrel-macos-x86_64 1.2.0 130.00 NOTE
r-oldrel-windows-ix86+x86_64 1.2.0 18.00 395.00 413.00 OK

Check Details

Version: 1.2.0
Check: dependencies in R code
Result: NOTE
    Namespaces in Imports field not imported from:
     ‘MASS’ ‘huge’
     All declared Imports should be used.
Flavors: r-devel-linux-x86_64-fedora-clang, r-devel-linux-x86_64-fedora-gcc, r-release-macos-arm64, r-release-macos-x86_64, r-oldrel-macos-arm64, r-oldrel-macos-x86_64