CRAN Package Check Results for Package sgeostat

Last updated on 2020-11-25 23:51:48 CET.

Flavor Version Tinstall Tcheck Ttotal Status Flags
r-devel-linux-x86_64-debian-clang 1.0-27 4.88 35.83 40.71 OK
r-devel-linux-x86_64-debian-gcc 1.0-27 3.01 29.92 32.93 OK
r-devel-linux-x86_64-fedora-clang 1.0-27 53.84 NOTE
r-devel-linux-x86_64-fedora-gcc 1.0-27 43.87 NOTE
r-devel-windows-ix86+x86_64 1.0-27 9.00 57.00 66.00 OK
r-patched-linux-x86_64 1.0-27 4.77 36.60 41.37 OK
r-patched-solaris-x86 1.0-27 63.40 OK
r-release-linux-x86_64 1.0-27 4.93 36.50 41.43 OK
r-release-macos-x86_64 1.0-27 OK
r-release-windows-ix86+x86_64 1.0-27 9.00 46.00 55.00 OK
r-oldrel-macos-x86_64 1.0-27 OK
r-oldrel-windows-ix86+x86_64 1.0-27 8.00 67.00 75.00 OK

Check Details

Version: 1.0-27
Check: Rd cross-references
Result: NOTE
    Undeclared package ‘tripack’ in Rd xrefs
Flavor: r-devel-linux-x86_64-fedora-clang

Version: 1.0-27
Check: compiled code
Result: NOTE
    File ‘sgeostat/libs/sgeostat.so’:
     Found no calls to: ‘R_registerRoutines’, ‘R_useDynamicSymbols’
    
    It is good practice to register native routines and to disable symbol
    search.
    
    See ‘Writing portable packages’ in the ‘Writing R Extensions’ manual.
Flavors: r-devel-linux-x86_64-fedora-clang, r-devel-linux-x86_64-fedora-gcc