CRAN Package Check Results for Package sgat

Last updated on 2024-06-18 00:57:38 CEST.

Flavor Version Tinstall Tcheck Ttotal Status Flags
r-devel-linux-x86_64-debian-clang 0.9 2.28 30.53 32.81 NOTE
r-devel-linux-x86_64-debian-gcc 0.9 1.88 23.56 25.44 NOTE
r-devel-linux-x86_64-fedora-clang 0.9 42.13 NOTE
r-devel-linux-x86_64-fedora-gcc 0.9 52.18 NOTE
r-devel-windows-x86_64 0.9 4.00 48.00 52.00 NOTE
r-patched-linux-x86_64 0.9 2.21 28.79 31.00 NOTE
r-release-linux-x86_64 0.9 2.36 29.76 32.12 NOTE
r-release-macos-arm64 0.9 32.00 NOTE
r-release-macos-x86_64 0.9 45.00 NOTE
r-release-windows-x86_64 0.9 4.00 49.00 53.00 NOTE
r-oldrel-macos-arm64 0.9 31.00 NOTE
r-oldrel-macos-x86_64 0.9 40.00 NOTE
r-oldrel-windows-x86_64 0.9 4.00 50.00 54.00 NOTE

Check Details

Version: 0.9
Check: LazyData
Result: NOTE 'LazyData' is specified without a 'data' directory Flavors: r-devel-linux-x86_64-debian-clang, r-devel-linux-x86_64-debian-gcc, r-devel-linux-x86_64-fedora-clang, r-devel-linux-x86_64-fedora-gcc, r-devel-windows-x86_64, r-patched-linux-x86_64, r-release-linux-x86_64, r-release-macos-arm64, r-release-macos-x86_64, r-release-windows-x86_64, r-oldrel-macos-arm64, r-oldrel-macos-x86_64, r-oldrel-windows-x86_64

Version: 0.9
Check: dependencies in R code
Result: NOTE Namespace in Imports field not imported from: ‘plyr’ All declared Imports should be used. Flavors: r-devel-linux-x86_64-fedora-clang, r-devel-linux-x86_64-fedora-gcc