CRAN Package Check Results for Package sfsmisc

Last updated on 2022-10-05 00:04:42 CEST.

Flavor Version Tinstall Tcheck Ttotal Status Flags
r-devel-linux-x86_64-debian-clang 1.1-13 7.43 81.98 89.41 NOTE
r-devel-linux-x86_64-debian-gcc 1.1-13 5.49 62.95 68.44 NOTE
r-devel-linux-x86_64-fedora-clang 1.1-13 129.00 NOTE
r-devel-linux-x86_64-fedora-gcc 1.1-13 120.84 NOTE
r-devel-windows-x86_64 1.1-13 49.00 163.00 212.00 NOTE
r-patched-linux-x86_64 1.1-13 9.52 77.88 87.40 OK
r-release-linux-x86_64 1.1-13 8.84 78.10 86.94 OK
r-release-macos-arm64 1.1-13 35.00 OK
r-release-macos-x86_64 1.1-13 52.00 OK
r-release-windows-x86_64 1.1-13 64.00 162.00 226.00 OK
r-oldrel-macos-arm64 1.1-13 33.00 NOTE
r-oldrel-macos-x86_64 1.1-13 52.00 OK
r-oldrel-windows-ix86+x86_64 1.1-13 14.00 116.00 130.00 OK

Check Details

Version: 1.1-13
Check: Rd files
Result: NOTE
    checkRd: (-1) TA.plot.Rd:32: Escaped LaTeX specials: \~
    checkRd: (-1) diagDA.Rd:51: Escaped LaTeX specials: \#
    checkRd: (-1) hatMat.Rd:35: Escaped LaTeX specials: \&
Flavors: r-devel-linux-x86_64-debian-clang, r-devel-linux-x86_64-debian-gcc, r-devel-linux-x86_64-fedora-clang, r-devel-linux-x86_64-fedora-gcc, r-devel-windows-x86_64

Version: 1.1-13
Check: package dependencies
Result: NOTE
    Package which this enhances but not available for checking: ‘polynom’
Flavor: r-oldrel-macos-arm64