CRAN Package Check Results for Package sfheaders

Last updated on 2020-09-25 23:50:32 CEST.

Flavor Version Tinstall Tcheck Ttotal Status Flags
r-devel-linux-x86_64-debian-clang 0.2.2 181.40 41.01 222.41 OK
r-devel-linux-x86_64-debian-gcc 0.2.2 153.78 31.90 185.68 OK
r-devel-linux-x86_64-fedora-clang 0.2.2 318.16 NOTE
r-devel-linux-x86_64-fedora-gcc 0.2.2 316.91 OK
r-devel-windows-ix86+x86_64 0.2.2 403.00 101.00 504.00 OK
r-patched-linux-x86_64 0.2.2 175.83 40.24 216.07 OK
r-patched-solaris-x86 0.2.2 246.50 OK
r-release-linux-x86_64 0.2.2 171.59 40.36 211.95 OK
r-release-macos-x86_64 0.2.2 NOTE
r-release-windows-ix86+x86_64 0.2.2 344.00 107.00 451.00 OK
r-oldrel-macos-x86_64 0.2.2 NOTE
r-oldrel-windows-ix86+x86_64 0.2.2 340.00 98.00 438.00 OK

Check Details

Version: 0.2.2
Check: installed package size
Result: NOTE
     installed size is 22.4Mb
     sub-directories of 1Mb or more:
     libs 21.3Mb
Flavors: r-devel-linux-x86_64-fedora-clang, r-release-macos-x86_64, r-oldrel-macos-x86_64