CRAN Package Check Results for Package seqmagick

Last updated on 2021-03-02 23:48:44 CET.

Flavor Version Tinstall Tcheck Ttotal Status Flags
r-devel-linux-x86_64-debian-clang 0.1.4 OK
r-devel-linux-x86_64-debian-gcc 0.1.4 10.44 93.47 103.91 OK
r-devel-linux-x86_64-fedora-clang 0.1.4 185.23 OK
r-devel-linux-x86_64-fedora-gcc 0.1.4 164.35 OK
r-devel-windows-ix86+x86_64 0.1.4 30.00 127.00 157.00 OK
r-patched-linux-x86_64 0.1.4 12.14 115.01 127.15 OK
r-patched-solaris-x86 0.1.4 239.90 OK
r-release-linux-x86_64 0.1.4 12.18 116.63 128.81 OK
r-release-macos-x86_64 0.1.4 NOTE
r-release-windows-ix86+x86_64 0.1.4 30.00 126.00 156.00 OK
r-oldrel-macos-x86_64 0.1.4 NOTE
r-oldrel-windows-ix86+x86_64 0.1.4 31.00 134.00 165.00 OK

Check Details

Version: 0.1.4
Check: package dependencies
Result: NOTE
    Package suggested but not available for checking: ‘muscle’
Flavors: r-release-macos-x86_64, r-oldrel-macos-x86_64