CRAN Package Check Results for Package seqgendiff

Last updated on 2020-05-24 23:47:55 CEST.

Flavor Version Tinstall Tcheck Ttotal Status Flags
r-devel-linux-x86_64-debian-clang 1.2.1 4.05 196.67 200.72 OK
r-devel-linux-x86_64-debian-gcc 1.2.1 3.05 144.83 147.88 OK
r-devel-linux-x86_64-fedora-clang 1.2.2 219.18 OK
r-devel-linux-x86_64-fedora-gcc 1.2.1 236.55 OK
r-devel-windows-ix86+x86_64 1.2.1 17.00 244.00 261.00 OK
r-patched-linux-x86_64 1.2.1 3.38 192.97 196.35 OK
r-patched-solaris-x86 1.2.1 245.00 NOTE
r-release-linux-x86_64 1.2.1 3.95 191.88 195.83 OK
r-release-osx-x86_64 1.2.1 NOTE
r-release-windows-ix86+x86_64 1.2.1 15.00 266.00 281.00 OK
r-oldrel-osx-x86_64 1.2.1 NOTE
r-oldrel-windows-ix86+x86_64 1.2.1 6.00 288.00 294.00 OK

Check Details

Version: 1.2.1
Check: package dependencies
Result: NOTE
    Package suggested but not available for checking: ‘airway’
Flavors: r-patched-solaris-x86, r-release-osx-x86_64, r-oldrel-osx-x86_64