CRAN Package Check Results for Package seqgendiff

Last updated on 2019-10-13 23:47:32 CEST.

Flavor Version Tinstall Tcheck Ttotal Status Flags
r-devel-linux-x86_64-debian-clang 1.1.1 3.36 153.41 156.77 OK
r-devel-linux-x86_64-debian-gcc 1.1.1 2.77 116.63 119.40 OK
r-devel-linux-x86_64-fedora-clang 1.1.1 186.47 OK
r-devel-linux-x86_64-fedora-gcc 1.1.1 193.94 OK
r-devel-windows-ix86+x86_64 1.1.1 7.00 227.00 234.00 OK
r-patched-linux-x86_64 1.1.1 3.02 155.36 158.38 OK
r-patched-solaris-x86 1.1.1 318.90 OK
r-release-linux-x86_64 1.1.1 3.20 159.10 162.30 OK
r-release-windows-ix86+x86_64 1.1.1 9.00 174.00 183.00 OK
r-release-osx-x86_64 1.1.1 WARN
r-oldrel-windows-ix86+x86_64 1.1.1 3.00 156.00 159.00 OK
r-oldrel-osx-x86_64 1.1.1 WARN

Check Details

Version: 1.1.1
Check: package dependencies
Result: NOTE
    Package suggested but not available for checking: ‘airway’
Flavors: r-release-osx-x86_64, r-oldrel-osx-x86_64

Version: 1.1.1
Check: re-building of vignette outputs
Result: WARN
    Error(s) in re-building vignettes:
     ...
    --- re-building ‘different_thinners.Rmd’ using rmarkdown
    Warning in engine$weave(file, quiet = quiet, encoding = enc) :
     Pandoc (>= 1.12.3) and/or pandoc-citeproc not available. Falling back to R Markdown v1.
    --- finished re-building ‘different_thinners.Rmd’
    
    --- re-building ‘simulate_rnaseq.Rmd’ using rmarkdown
    Warning in engine$weave(file, quiet = quiet, encoding = enc) :
     Pandoc (>= 1.12.3) and/or pandoc-citeproc not available. Falling back to R Markdown v1.
    Quitting from lines 48-50 (simulate_rnaseq.Rmd)
    Error: processing vignette 'simulate_rnaseq.Rmd' failed with diagnostics:
    there is no package called 'airway'
    --- failed re-building ‘simulate_rnaseq.Rmd’
    
    SUMMARY: processing the following file failed:
     ‘simulate_rnaseq.Rmd’
    
    Error: Vignette re-building failed.
    Execution halted
Flavor: r-release-osx-x86_64

Version: 1.1.1
Check: re-building of vignette outputs
Result: WARN
    Error in re-building vignettes:
     ...
    Warning in engine$weave(file, quiet = quiet, encoding = enc) :
     Pandoc (>= 1.12.3) and/or pandoc-citeproc not available. Falling back to R Markdown v1.
    Warning in engine$weave(file, quiet = quiet, encoding = enc) :
     Pandoc (>= 1.12.3) and/or pandoc-citeproc not available. Falling back to R Markdown v1.
    Quitting from lines 48-50 (simulate_rnaseq.Rmd)
    Error: processing vignette 'simulate_rnaseq.Rmd' failed with diagnostics:
    there is no package called 'airway'
    Execution halted
Flavor: r-oldrel-osx-x86_64