CRAN Package Check Results for Package sensitivityfull

Last updated on 2024-07-17 00:48:30 CEST.

Flavor Version Tinstall Tcheck Ttotal Status Flags
r-devel-linux-x86_64-debian-clang 1.5.6 2.40 24.55 26.95 NOTE
r-devel-linux-x86_64-debian-gcc 1.5.6 1.85 17.95 19.80 NOTE
r-devel-linux-x86_64-fedora-clang 1.5.6 32.92 NOTE
r-devel-linux-x86_64-fedora-gcc 1.5.6 31.33 NOTE
r-devel-windows-x86_64 1.5.6 3.00 40.00 43.00 NOTE
r-patched-linux-x86_64 1.5.6 2.44 22.92 25.36 NOTE
r-release-linux-x86_64 1.5.6 1.83 23.27 25.10 NOTE
r-release-macos-arm64 1.5.6 16.00 NOTE
r-release-macos-x86_64 1.5.6 20.00 NOTE
r-release-windows-x86_64 1.5.6 3.00 40.00 43.00 NOTE
r-oldrel-macos-arm64 1.5.6 18.00 NOTE
r-oldrel-macos-x86_64 1.5.6 20.00 NOTE
r-oldrel-windows-x86_64 1.5.6 3.00 42.00 45.00 NOTE

Check Details

Version: 1.5.6
Check: LazyData
Result: NOTE 'LazyData' is specified without a 'data' directory Flavors: r-devel-linux-x86_64-debian-clang, r-devel-linux-x86_64-debian-gcc, r-devel-linux-x86_64-fedora-clang, r-devel-linux-x86_64-fedora-gcc, r-devel-windows-x86_64, r-patched-linux-x86_64, r-release-linux-x86_64, r-release-macos-arm64, r-release-macos-x86_64, r-release-windows-x86_64, r-oldrel-macos-arm64, r-oldrel-macos-x86_64, r-oldrel-windows-x86_64