CRAN Package Check Results for Package sendmailR

Last updated on 2020-05-24 23:47:55 CEST.

Flavor Version Tinstall Tcheck Ttotal Status Flags
r-devel-linux-x86_64-debian-clang 1.2-1 2.12 19.57 21.69 NOTE
r-devel-linux-x86_64-debian-gcc 1.2-1 1.76 15.58 17.34 NOTE
r-devel-linux-x86_64-fedora-clang 1.2-1 26.77 NOTE
r-devel-linux-x86_64-fedora-gcc 1.2-1 26.77 NOTE
r-devel-windows-ix86+x86_64 1.2-1 5.00 32.00 37.00 NOTE
r-patched-linux-x86_64 1.2-1 2.00 19.52 21.52 NOTE
r-patched-solaris-x86 1.2-1 40.20 NOTE
r-release-linux-x86_64 1.2-1 2.19 19.38 21.57 NOTE
r-release-osx-x86_64 1.2-1 NOTE
r-release-windows-ix86+x86_64 1.2-1 6.00 48.00 54.00 NOTE
r-oldrel-osx-x86_64 1.2-1 NOTE
r-oldrel-windows-ix86+x86_64 1.2-1 4.00 41.00 45.00 NOTE

Check Details

Version: 1.2-1
Check: R code for possible problems
Result: NOTE
    .plot_attachment: no visible global function definition for 'dev.off'
    .update_list: no visible global function definition for 'modifyList'
    mime_part.data.frame: no visible global function definition for
     'write.table'
    mime_part.ggplot: no visible binding for global variable 'pdf'
    mime_part.matrix: no visible global function definition for
     'write.table'
    mime_part.trellis: no visible binding for global variable 'pdf'
    Undefined global functions or variables:
     dev.off modifyList pdf write.table
    Consider adding
     importFrom("grDevices", "dev.off", "pdf")
     importFrom("utils", "modifyList", "write.table")
    to your NAMESPACE file.
Flavors: r-devel-linux-x86_64-debian-clang, r-devel-linux-x86_64-debian-gcc, r-devel-linux-x86_64-fedora-clang, r-devel-linux-x86_64-fedora-gcc, r-devel-windows-ix86+x86_64, r-patched-linux-x86_64, r-patched-solaris-x86, r-release-linux-x86_64, r-release-osx-x86_64, r-release-windows-ix86+x86_64, r-oldrel-osx-x86_64, r-oldrel-windows-ix86+x86_64