CRAN Package Check Results for Package sendigR

Last updated on 2023-01-30 00:31:24 CET.

Flavor Version Tinstall Tcheck Ttotal Status Flags
r-devel-linux-x86_64-debian-clang 1.0.0 13.05 56.83 69.88 OK
r-devel-linux-x86_64-debian-gcc 1.0.0 8.38 41.92 50.30 OK
r-devel-linux-x86_64-fedora-clang 1.0.0 59.22 NOTE
r-devel-linux-x86_64-fedora-gcc 1.0.0 97.60 NOTE
r-devel-windows-x86_64 1.0.0 34.00 90.00 124.00 OK
r-patched-linux-x86_64 1.0.0 11.15 53.17 64.32 OK
r-release-linux-x86_64 1.0.0 8.92 51.04 59.96 OK
r-release-macos-arm64 1.0.0 25.00 NOTE
r-release-macos-x86_64 1.0.0 40.00 NOTE
r-release-windows-x86_64 1.0.0 39.00 85.00 124.00 OK
r-oldrel-macos-arm64 1.0.0 28.00 NOTE
r-oldrel-macos-x86_64 1.0.0 46.00 NOTE
r-oldrel-windows-ix86+x86_64 1.0.0 19.00 78.00 97.00 OK

Check Details

Version: 1.0.0
Check: dependencies in R code
Result: NOTE
    Namespace in Imports field not imported from: ‘reticulate’
     All declared Imports should be used.
Flavors: r-devel-linux-x86_64-fedora-clang, r-devel-linux-x86_64-fedora-gcc, r-release-macos-arm64, r-release-macos-x86_64, r-oldrel-macos-arm64, r-oldrel-macos-x86_64