CRAN Package Check Results for Package semnar

Last updated on 2019-10-13 23:47:32 CEST.

Flavor Version Tinstall Tcheck Ttotal Status Flags
r-devel-linux-x86_64-debian-clang 0.7.1 4.15 32.77 36.92 OK
r-devel-linux-x86_64-debian-gcc 0.7.1 3.64 26.51 30.15 OK
r-devel-linux-x86_64-fedora-clang 0.7.1 50.80 OK
r-devel-linux-x86_64-fedora-gcc 0.7.1 44.22 OK
r-devel-windows-ix86+x86_64 0.7.1 13.00 74.00 87.00 OK
r-patched-linux-x86_64 0.7.1 3.72 31.70 35.42 OK
r-patched-solaris-x86 0.7.1 72.50 OK
r-release-linux-x86_64 0.7.1 4.12 32.62 36.74 OK
r-release-windows-ix86+x86_64 0.7.1 13.00 46.00 59.00 OK
r-release-osx-x86_64 0.7.1 OK
r-oldrel-osx-x86_64 0.7.1 ERROR

Check Details

Version: 0.7.1
Check: whether package can be installed
Result: ERROR
    Installation failed.
Flavor: r-oldrel-osx-x86_64