CRAN Package Check Results for Package semiArtificial

Last updated on 2020-02-17 00:49:27 CET.

Flavor Version Tinstall Tcheck Ttotal Status Flags
r-devel-linux-x86_64-debian-clang 2.3.1 16.01 136.73 152.74 NOTE
r-devel-linux-x86_64-debian-gcc 2.3.1 14.12 104.34 118.46 NOTE
r-devel-linux-x86_64-fedora-clang 2.3.1 183.64 NOTE
r-devel-linux-x86_64-fedora-gcc 2.3.1 183.53 NOTE
r-devel-windows-ix86+x86_64 2.3.1 34.00 116.00 150.00 OK
r-devel-windows-ix86+x86_64-gcc8 2.3.1 49.00 131.00 180.00 OK
r-patched-linux-x86_64 2.3.1 13.72 117.11 130.83 OK
r-patched-solaris-x86 2.3.1 229.00 OK
r-release-linux-x86_64 2.3.1 14.64 117.01 131.65 OK
r-release-windows-ix86+x86_64 2.3.1 29.00 111.00 140.00 OK
r-release-osx-x86_64 2.3.1 OK
r-oldrel-windows-ix86+x86_64 2.3.1 19.00 132.00 151.00 OK
r-oldrel-osx-x86_64 2.3.1 OK

Check Details

Version: 2.3.1
Check: for non-standard things in the check directory
Result: NOTE
    Found the following files/directories:
     'Rprof.out'
Flavors: r-devel-linux-x86_64-debian-clang, r-devel-linux-x86_64-debian-gcc, r-devel-linux-x86_64-fedora-clang, r-devel-linux-x86_64-fedora-gcc