CRAN Package Check Results for Package semiArtificial

Last updated on 2019-09-15 23:46:32 CEST.

Flavor Version Tinstall Tcheck Ttotal Status Flags
r-devel-linux-x86_64-debian-clang 2.3.1 15.99 119.52 135.51 NOTE
r-devel-linux-x86_64-debian-gcc 2.3.1 12.57 93.76 106.33 NOTE
r-devel-linux-x86_64-fedora-clang 2.3.1 161.26 NOTE
r-devel-linux-x86_64-fedora-gcc 2.3.1 157.48 NOTE
r-devel-windows-ix86+x86_64 2.3.1 40.00 116.00 156.00 OK
r-patched-linux-x86_64 2.3.1 16.52 115.68 132.20 OK
r-patched-solaris-x86 2.3.1 224.90 OK
r-release-linux-x86_64 2.3.1 15.08 116.24 131.32 OK
r-release-windows-ix86+x86_64 2.3.1 30.00 156.00 186.00 OK
r-release-osx-x86_64 2.3.1 OK
r-oldrel-windows-ix86+x86_64 2.3.1 26.00 112.00 138.00 OK
r-oldrel-osx-x86_64 2.3.1 OK

Check Details

Version: 2.3.1
Check: for non-standard things in the check directory
Result: NOTE
    Found the following files/directories:
     'Rprof.out'
Flavors: r-devel-linux-x86_64-debian-clang, r-devel-linux-x86_64-debian-gcc, r-devel-linux-x86_64-fedora-clang, r-devel-linux-x86_64-fedora-gcc