Last updated on 2021-01-24 23:47:43 CET.
Flavor | Version | Tinstall | Tcheck | Ttotal | Status | Flags |
---|---|---|---|---|---|---|
r-devel-linux-x86_64-debian-clang | 1.2.4 | 27.70 | 30.51 | 58.21 | OK | |
r-devel-linux-x86_64-debian-gcc | 1.2.4 | 15.72 | 24.20 | 39.92 | OK | |
r-devel-linux-x86_64-fedora-clang | 1.2.4 | 84.68 | NOTE | |||
r-devel-linux-x86_64-fedora-gcc | 1.2.4 | 66.29 | NOTE | |||
r-devel-windows-ix86+x86_64 | 1.2.4 | 57.00 | 69.00 | 126.00 | OK | |
r-patched-linux-x86_64 | 1.2.4 | 18.59 | 29.45 | 48.04 | OK | |
r-patched-solaris-x86 | 1.2.4 | 78.80 | OK | |||
r-release-linux-x86_64 | 1.2.4 | 18.24 | 29.61 | 47.85 | OK | |
r-release-macos-x86_64 | 1.2.4 | OK | ||||
r-release-windows-ix86+x86_64 | 1.2.4 | 41.00 | 72.00 | 113.00 | OK | |
r-oldrel-macos-x86_64 | 1.2.4 | OK | ||||
r-oldrel-windows-ix86+x86_64 | 1.2.4 | 45.00 | 74.00 | 119.00 | OK |
Version: 1.2.4
Check: compiled code
Result: NOTE
File ‘segmag/libs/segmag.so’:
Found no calls to: ‘R_registerRoutines’, ‘R_useDynamicSymbols’
It is good practice to register native routines and to disable symbol
search.
See ‘Writing portable packages’ in the ‘Writing R Extensions’ manual.
Flavors: r-devel-linux-x86_64-fedora-clang, r-devel-linux-x86_64-fedora-gcc