Last updated on 2022-07-01 23:53:33 CEST.
Flavor | Version | Tinstall | Tcheck | Ttotal | Status | Flags |
---|---|---|---|---|---|---|
r-devel-linux-x86_64-debian-clang | 0.9.1 | 7.43 | 75.66 | 83.09 | OK | |
r-devel-linux-x86_64-debian-gcc | 0.9.1 | 6.14 | 55.90 | 62.04 | OK | |
r-devel-linux-x86_64-fedora-clang | 0.9.1 | 114.29 | NOTE | |||
r-devel-linux-x86_64-fedora-gcc | 0.9.1 | 117.70 | NOTE | |||
r-devel-windows-x86_64 | 0.9.1 | 37.00 | 102.00 | 139.00 | OK | |
r-patched-linux-x86_64 | 0.9.1 | 11.56 | 71.01 | 82.57 | OK | |
r-release-linux-x86_64 | 0.9.1 | 6.44 | 69.44 | 75.88 | OK | |
r-release-macos-arm64 | 0.9.1 | 30.00 | NOTE | |||
r-release-macos-x86_64 | 0.9.1 | 51.00 | NOTE | |||
r-release-windows-x86_64 | 0.9.1 | 29.00 | 102.00 | 131.00 | OK | |
r-oldrel-macos-arm64 | 0.9.1 | 42.00 | NOTE | |||
r-oldrel-macos-x86_64 | 0.9.1 | 60.00 | NOTE | |||
r-oldrel-windows-ix86+x86_64 | 0.9.1 | 18.00 | 94.00 | 112.00 | OK |
Version: 0.9.1
Check: package dependencies
Result: NOTE
Package suggested but not available for checking: ‘rsbml’
Flavors: r-devel-linux-x86_64-fedora-clang, r-devel-linux-x86_64-fedora-gcc, r-release-macos-arm64, r-release-macos-x86_64, r-oldrel-macos-arm64, r-oldrel-macos-x86_64