CRAN Package Check Results for Package secret

Last updated on 2021-04-22 23:49:54 CEST.

Flavor Version Tinstall Tcheck Ttotal Status Flags
r-devel-linux-x86_64-debian-clang 1.1.0 3.18 30.17 33.35 NOTE
r-devel-linux-x86_64-debian-gcc 1.1.0 2.37 24.20 26.57 NOTE
r-devel-linux-x86_64-fedora-clang 1.1.0 51.84 NOTE
r-devel-linux-x86_64-fedora-gcc 1.1.0 40.10 NOTE
r-devel-windows-ix86+x86_64 1.1.0 7.00 47.00 54.00 NOTE
r-devel-windows-x86_64-gcc10-UCRT 1.1.0 NOTE
r-patched-linux-x86_64 1.1.0 3.53 29.69 33.22 OK
r-patched-solaris-x86 1.1.0 62.80 OK
r-release-linux-x86_64 1.1.0 3.10 29.63 32.73 OK
r-release-macos-x86_64 1.1.0 OK
r-release-windows-ix86+x86_64 1.1.0 6.00 39.00 45.00 OK
r-oldrel-macos-x86_64 1.1.0 OK
r-oldrel-windows-ix86+x86_64 1.1.0 5.00 44.00 49.00 OK

Check Details

Version: 1.1.0
Check: LazyData
Result: NOTE
     'LazyData' is specified without a 'data' directory
Flavors: r-devel-linux-x86_64-debian-clang, r-devel-linux-x86_64-debian-gcc, r-devel-linux-x86_64-fedora-clang, r-devel-linux-x86_64-fedora-gcc, r-devel-windows-ix86+x86_64, r-devel-windows-x86_64-gcc10-UCRT