CRAN Package Check Results for Package sdetorus

Last updated on 2021-01-18 23:49:45 CET.

Flavor Version Tinstall Tcheck Ttotal Status Flags
r-devel-linux-x86_64-debian-clang 0.1.7 160.93 60.84 221.77 OK
r-devel-linux-x86_64-debian-gcc 0.1.7 110.09 46.37 156.46 OK
r-devel-linux-x86_64-fedora-clang 0.1.7 320.83 NOTE
r-devel-linux-x86_64-fedora-gcc 0.1.7 281.25 OK
r-devel-windows-ix86+x86_64 0.1.7 265.00 127.00 392.00 OK
r-patched-linux-x86_64 0.1.7 120.66 57.17 177.83 OK
r-patched-solaris-x86 0.1.7 254.20 OK
r-release-linux-x86_64 0.1.7 131.95 58.00 189.95 OK
r-release-macos-x86_64 0.1.7 NOTE
r-release-windows-ix86+x86_64 0.1.7 360.00 117.00 477.00 OK
r-oldrel-macos-x86_64 0.1.7 NOTE
r-oldrel-windows-ix86+x86_64 0.1.7 257.00 99.00 356.00 OK

Check Details

Version: 0.1.7
Check: installed package size
Result: NOTE
     installed size is 10.7Mb
     sub-directories of 1Mb or more:
     libs 9.8Mb
Flavors: r-devel-linux-x86_64-fedora-clang, r-release-macos-x86_64, r-oldrel-macos-x86_64