CRAN Package Check Results for Package sde

Last updated on 2022-05-16 23:55:42 CEST.

Flavor Version Tinstall Tcheck Ttotal Status Flags
r-devel-linux-x86_64-debian-clang 2.0.15 14.56 118.39 132.95 OK
r-devel-linux-x86_64-debian-gcc 2.0.15 11.09 88.91 100.00 OK
r-devel-linux-x86_64-fedora-clang 2.0.15 153.89 NOTE
r-devel-linux-x86_64-fedora-gcc 2.0.15 151.19 NOTE
r-devel-windows-x86_64 2.0.15 34.00 149.00 183.00 OK
r-patched-linux-x86_64 2.0.15 11.44 109.65 121.09 OK
r-release-linux-x86_64 2.0.15 11.41 110.11 121.52 OK
r-release-macos-arm64 2.0.15 50.00 OK
r-release-macos-x86_64 2.0.15 76.00 OK
r-release-windows-x86_64 2.0.15 38.00 147.00 185.00 OK
r-oldrel-macos-arm64 2.0.15 54.00 OK
r-oldrel-macos-x86_64 2.0.15 76.00 OK
r-oldrel-windows-ix86+x86_64 2.0.15 28.00 175.00 203.00 OK

Check Details

Version: 2.0.15
Check: compiled code
Result: NOTE
    File ‘sde/libs/sde.so’:
     Found no call to: ‘R_useDynamicSymbols’
    
    It is good practice to register native routines and to disable symbol
    search.
    
    See ‘Writing portable packages’ in the ‘Writing R Extensions’ manual.
Flavors: r-devel-linux-x86_64-fedora-clang, r-devel-linux-x86_64-fedora-gcc