CRAN Package Check Results for Package scrobbler

Last updated on 2019-10-13 23:47:31 CEST.

Flavor Version Tinstall Tcheck Ttotal Status Flags
r-devel-linux-x86_64-debian-clang 0.1.0 1.81 21.98 23.79 NOTE
r-devel-linux-x86_64-debian-gcc 0.1.0 1.48 18.32 19.80 NOTE
r-devel-linux-x86_64-fedora-clang 0.1.0 31.98 NOTE
r-devel-linux-x86_64-fedora-gcc 0.1.0 29.74 NOTE
r-devel-windows-ix86+x86_64 0.1.0 6.00 50.00 56.00 OK
r-patched-linux-x86_64 0.1.0 1.58 21.56 23.14 OK
r-patched-solaris-x86 0.1.0 44.40 OK
r-release-linux-x86_64 0.1.0 1.63 21.66 23.29 OK
r-release-windows-ix86+x86_64 0.1.0 8.00 36.00 44.00 OK
r-release-osx-x86_64 0.1.0 OK
r-oldrel-windows-ix86+x86_64 0.1.0 2.00 38.00 40.00 OK
r-oldrel-osx-x86_64 0.1.0 OK

Check Details

Version: 0.1.0
Check: for non-standard things in the check directory
Result: NOTE
    Found the following files/directories:
     'lastexport.py'
Flavors: r-devel-linux-x86_64-debian-clang, r-devel-linux-x86_64-debian-gcc, r-devel-linux-x86_64-fedora-clang, r-devel-linux-x86_64-fedora-gcc