CRAN Package Check Results for Package scraEP

Last updated on 2024-06-13 00:55:31 CEST.

Flavor Version Tinstall Tcheck Ttotal Status Flags
r-devel-linux-x86_64-debian-clang 1.2 2.40 24.13 26.53 OK
r-devel-linux-x86_64-debian-gcc 1.2 0.33 1.69 2.02 ERROR
r-devel-linux-x86_64-fedora-clang 1.2 34.23 OK
r-devel-linux-x86_64-fedora-gcc 1.2 32.45 OK
r-devel-windows-x86_64 1.2 4.00 42.00 46.00 OK
r-patched-linux-x86_64 1.2 2.21 23.30 25.51 OK
r-release-linux-x86_64 1.2 1.70 23.89 25.59 OK
r-release-macos-arm64 1.2 13.00 OK
r-release-macos-x86_64 1.2 21.00 OK
r-release-windows-x86_64 1.2 4.00 41.00 45.00 OK
r-oldrel-macos-arm64 1.2 17.00 OK
r-oldrel-macos-x86_64 1.2 20.00 OK
r-oldrel-windows-x86_64 1.2 4.00 44.00 48.00 OK

Check Details

Version: 1.2
Check: package dependencies
Result: ERROR Package required but not available: ‘rvest’ See section ‘The DESCRIPTION file’ in the ‘Writing R Extensions’ manual. Flavor: r-devel-linux-x86_64-debian-gcc