Last updated on 2022-08-08 23:53:07 CEST.
Flavor | Version | Tinstall | Tcheck | Ttotal | Status | Flags |
---|---|---|---|---|---|---|
r-devel-linux-x86_64-debian-clang | 1.0.1 | 67.06 | 289.34 | 356.40 | OK | |
r-devel-linux-x86_64-debian-gcc | 1.0.1 | 53.82 | 212.55 | 266.37 | OK | |
r-devel-linux-x86_64-fedora-clang | 1.0.1 | 459.15 | OK | |||
r-devel-linux-x86_64-fedora-gcc | 1.0.1 | 480.31 | OK | |||
r-devel-windows-x86_64 | 1.0.1 | 107.00 | 428.00 | 535.00 | OK | |
r-patched-linux-x86_64 | 1.0.1 | 56.01 | 285.47 | 341.48 | OK | |
r-release-linux-x86_64 | 1.0.1 | OK | ||||
r-release-macos-arm64 | 1.0.1 | 121.00 | NOTE | |||
r-release-macos-x86_64 | 1.0.1 | 156.00 | NOTE | |||
r-release-windows-x86_64 | 1.0.1 | 130.00 | 420.00 | 550.00 | OK | |
r-oldrel-macos-arm64 | 1.0.1 | 148.00 | NOTE | |||
r-oldrel-macos-x86_64 | 1.0.1 | 235.00 | NOTE | |||
r-oldrel-windows-ix86+x86_64 | 1.0.1 | 155.00 | 425.00 | 580.00 | OK |
Version: 1.0.1
Check: installed package size
Result: NOTE
installed size is 5.4Mb
sub-directories of 1Mb or more:
libs 3.6Mb
Flavors: r-release-macos-arm64, r-release-macos-x86_64, r-oldrel-macos-arm64, r-oldrel-macos-x86_64