CRAN Package Check Results for Package sccore

Last updated on 2022-01-15 23:50:14 CET.

Flavor Version Tinstall Tcheck Ttotal Status Flags
r-devel-linux-x86_64-debian-clang 1.0.1 59.77 84.37 144.14 OK
r-devel-linux-x86_64-debian-gcc 1.0.1 48.64 62.57 111.21 OK
r-devel-windows-x86_64-new-UL 1.0.1 80.00 126.00 206.00 OK
r-devel-windows-x86_64-new-TK 1.0.1 OK
r-patched-linux-x86_64 1.0.1 51.16 79.31 130.47 OK
r-release-linux-x86_64 1.0.1 52.74 78.19 130.93 OK
r-release-macos-arm64 1.0.1 NOTE
r-release-macos-x86_64 1.0.1 NOTE
r-release-windows-ix86+x86_64 1.0.1 165.00 141.00 306.00 OK
r-oldrel-macos-x86_64 1.0.1 NOTE
r-oldrel-windows-ix86+x86_64 1.0.1 156.00 139.00 295.00 OK

Check Details

Version: 1.0.1
Check: installed package size
Result: NOTE
     installed size is 6.6Mb
     sub-directories of 1Mb or more:
     libs 5.8Mb
Flavors: r-release-macos-arm64, r-release-macos-x86_64, r-oldrel-macos-x86_64