CRAN Package Check Results for Package sccore

Last updated on 2021-04-21 23:48:16 CEST.

Flavor Version Tinstall Tcheck Ttotal Status Flags
r-devel-linux-x86_64-debian-clang 0.1.2 79.72 74.29 154.01 OK
r-devel-linux-x86_64-debian-gcc 0.1.2 53.07 56.18 109.25 OK
r-devel-windows-ix86+x86_64 0.1.2 186.00 135.00 321.00 OK
r-devel-windows-x86_64-gcc10-UCRT 0.1.2 OK
r-patched-linux-x86_64 0.1.2 63.59 68.88 132.47 WARN
r-release-linux-x86_64 0.1.2 62.40 68.66 131.06 OK
r-release-macos-x86_64 0.1.2 NOTE
r-release-windows-ix86+x86_64 0.1.2 185.00 139.00 324.00 OK
r-oldrel-macos-x86_64 0.1.2 NOTE
r-oldrel-windows-ix86+x86_64 0.1.2 161.00 134.00 295.00 OK

Check Details

Version: 0.1.2
Check: whether package can be installed
Result: WARN
    Found the following significant warnings:
     Rd warning: /tmp/Rtmpxbpsfg/R.INSTALL2437776ed65e/sccore/man/embeddingPlot.Rd:142: file link ‘set.seed’ in package ‘base’ does not exist and so has been treated as a topic
Flavor: r-patched-linux-x86_64

Version: 0.1.2
Check: installed package size
Result: NOTE
     installed size is 5.4Mb
     sub-directories of 1Mb or more:
     libs 4.6Mb
Flavors: r-release-macos-x86_64, r-oldrel-macos-x86_64