CRAN Package Check Results for Package scatterD3

Last updated on 2021-04-22 23:49:54 CEST.

Flavor Version Tinstall Tcheck Ttotal Status Flags
r-devel-linux-x86_64-debian-clang 0.9.2 2.59 30.55 33.14 NOTE
r-devel-linux-x86_64-debian-gcc 0.9.2 1.82 23.88 25.70 NOTE
r-devel-linux-x86_64-fedora-clang 0.9.2 49.34 NOTE
r-devel-linux-x86_64-fedora-gcc 0.9.2 39.18 NOTE
r-devel-windows-ix86+x86_64 0.9.2 6.00 47.00 53.00 NOTE
r-devel-windows-x86_64-gcc10-UCRT 0.9.2 NOTE
r-patched-linux-x86_64 0.9.2 2.61 29.04 31.65 OK
r-patched-solaris-x86 0.9.2 64.50 OK
r-release-linux-x86_64 0.9.2 2.56 29.61 32.17 OK
r-release-macos-x86_64 0.9.2 OK
r-release-windows-ix86+x86_64 0.9.2 6.00 54.00 60.00 OK
r-oldrel-macos-x86_64 0.9.2 OK
r-oldrel-windows-ix86+x86_64 0.9.2 4.00 47.00 51.00 OK

Check Details

Version: 0.9.2
Check: LazyData
Result: NOTE
     'LazyData' is specified without a 'data' directory
Flavors: r-devel-linux-x86_64-debian-clang, r-devel-linux-x86_64-debian-gcc, r-devel-linux-x86_64-fedora-clang, r-devel-linux-x86_64-fedora-gcc, r-devel-windows-ix86+x86_64, r-devel-windows-x86_64-gcc10-UCRT