CRAN Package Check Results for Package scapesClassification

Last updated on 2022-10-06 23:56:20 CEST.

Flavor Version Tinstall Tcheck Ttotal Status Flags
r-devel-linux-x86_64-debian-clang 1.0.0 4.85 58.89 63.74 OK
r-devel-linux-x86_64-debian-gcc 1.0.0 3.50 44.46 47.96 OK
r-devel-linux-x86_64-fedora-clang 1.0.0 90.02 OK
r-devel-linux-x86_64-fedora-gcc 1.0.0 87.35 OK
r-devel-windows-x86_64 1.0.0 97.00 94.00 191.00 OK
r-patched-linux-x86_64 1.0.0 3.87 55.92 59.79 OK
r-release-linux-x86_64 1.0.0 4.39 56.67 61.06 OK
r-release-macos-arm64 1.0.0 25.00 OK
r-release-macos-x86_64 1.0.0 35.00 OK
r-release-windows-x86_64 1.0.0 83.00 86.00 169.00 OK
r-oldrel-macos-arm64 1.0.0 32.00 WARN
r-oldrel-macos-x86_64 1.0.0 38.00 WARN
r-oldrel-windows-ix86+x86_64 1.0.0 9.00 88.00 97.00 OK

Check Details

Version: 1.0.0
Check: for executable files
Result: WARN
    Found the following executable file:
     inst/extdata/Azores.dbf
    Source packages should not contain undeclared executable files.
    See section ‘Package structure’ in the ‘Writing R Extensions’ manual.
Flavors: r-oldrel-macos-arm64, r-oldrel-macos-x86_64