CRAN Package Check Results for Package scape

Last updated on 2022-11-26 23:58:26 CET.

Flavor Version Tinstall Tcheck Ttotal Status Flags
r-devel-linux-x86_64-debian-clang 2.3.3 17.41 173.37 190.78 NOTE
r-devel-linux-x86_64-debian-gcc 2.3.3 14.23 129.23 143.46 NOTE
r-devel-linux-x86_64-fedora-clang 2.3.3 244.47 NOTE
r-devel-linux-x86_64-fedora-gcc 2.3.3 237.66 NOTE
r-devel-windows-x86_64 2.3.3 29.00 241.00 270.00 NOTE
r-patched-linux-x86_64 2.3.3 OK
r-release-linux-x86_64 2.3.3 11.01 165.15 176.16 OK
r-release-macos-arm64 2.3.3 63.00 OK
r-release-macos-x86_64 2.3.3 114.00 OK
r-release-windows-x86_64 2.3.3 34.00 242.00 276.00 OK
r-oldrel-macos-arm64 2.3.3 88.00 OK
r-oldrel-macos-x86_64 2.3.3 136.00 OK
r-oldrel-windows-ix86+x86_64 2.3.3 37.00 199.00 236.00 OK

Check Details

Version: 2.3.3
Check: Rd files
Result: NOTE
    checkRd: (-1) x.oreo.Rd:48: Escaped LaTeX specials: \_ \_
Flavors: r-devel-linux-x86_64-debian-clang, r-devel-linux-x86_64-debian-gcc, r-devel-linux-x86_64-fedora-clang, r-devel-linux-x86_64-fedora-gcc, r-devel-windows-x86_64