Last updated on 2023-05-30 00:59:56 CEST.
Flavor | Version | Tinstall | Tcheck | Ttotal | Status | Flags |
---|---|---|---|---|---|---|
r-devel-linux-x86_64-debian-clang | 1.1.1 | 145.92 | 126.42 | 272.34 | NOTE | |
r-devel-linux-x86_64-debian-gcc | 1.1.1 | 113.27 | 94.19 | 207.46 | NOTE | |
r-devel-linux-x86_64-fedora-clang | 1.1.1 | 392.46 | NOTE | |||
r-devel-linux-x86_64-fedora-gcc | 1.1.1 | 392.82 | NOTE | |||
r-devel-windows-x86_64 | 1.1.1 | 111.00 | 130.00 | 241.00 | NOTE | |
r-patched-linux-x86_64 | 1.1.1 | 87.18 | 118.57 | 205.75 | NOTE | |
r-release-linux-x86_64 | 1.1.1 | 91.22 | 116.72 | 207.94 | NOTE | |
r-release-macos-arm64 | 1.1.1 | 99.00 | NOTE | |||
r-release-macos-x86_64 | 1.1.1 | 167.00 | NOTE | |||
r-release-windows-x86_64 | 1.1.1 | 142.00 | 162.00 | 304.00 | NOTE | |
r-oldrel-macos-arm64 | 1.1.1 | 77.00 | OK | |||
r-oldrel-macos-x86_64 | 1.1.1 | 114.00 | OK | |||
r-oldrel-windows-x86_64 | 1.1.1 | 141.00 | 149.00 | 290.00 | OK |
Version: 1.1.1
Check: C++ specification
Result: NOTE
Specified C++11: please drop specification unless essential
Flavors: r-devel-linux-x86_64-debian-clang, r-devel-linux-x86_64-debian-gcc, r-devel-linux-x86_64-fedora-clang, r-devel-linux-x86_64-fedora-gcc, r-devel-windows-x86_64, r-patched-linux-x86_64, r-release-linux-x86_64, r-release-macos-arm64, r-release-macos-x86_64, r-release-windows-x86_64