CRAN Package Check Results for Package scan

Last updated on 2022-12-03 23:56:26 CET.

Flavor Version Tinstall Tcheck Ttotal Status Flags
r-devel-linux-x86_64-debian-clang 0.55 22.47 167.15 189.62 OK
r-devel-linux-x86_64-debian-gcc 0.55 17.24 125.61 142.85 OK
r-devel-linux-x86_64-fedora-clang 0.55 242.01 NOTE
r-devel-linux-x86_64-fedora-gcc 0.55 236.62 NOTE
r-devel-windows-x86_64 0.55 63.00 211.00 274.00 OK
r-patched-linux-x86_64 0.55 28.25 154.76 183.01 OK
r-release-linux-x86_64 0.55 21.38 161.46 182.84 OK
r-release-macos-arm64 0.55 54.00 NOTE
r-release-macos-x86_64 0.55 78.00 NOTE
r-release-windows-x86_64 0.55 66.00 202.00 268.00 OK
r-oldrel-macos-arm64 0.55 55.00 NOTE
r-oldrel-macos-x86_64 0.55 80.00 NOTE
r-oldrel-windows-ix86+x86_64 0.55 41.00 191.00 232.00 OK

Check Details

Version: 0.55
Check: data for non-ASCII characters
Result: NOTE
     Note: found 1 marked UTF-8 string
Flavors: r-devel-linux-x86_64-fedora-clang, r-devel-linux-x86_64-fedora-gcc, r-release-macos-arm64, r-release-macos-x86_64, r-oldrel-macos-arm64, r-oldrel-macos-x86_64