CRAN Package Check Results for Package scales

Last updated on 2018-09-20 02:46:42 CEST.

Flavor Version Tinstall Tcheck Ttotal Status Flags
r-devel-linux-x86_64-debian-clang 1.0.0 19.64 37.03 56.67 OK
r-devel-linux-x86_64-debian-gcc 1.0.0 14.31 30.10 44.41 OK
r-devel-linux-x86_64-fedora-clang 1.0.0 73.79 NOTE
r-devel-linux-x86_64-fedora-gcc 1.0.0 66.04 NOTE
r-devel-windows-ix86+x86_64 1.0.0 33.00 99.00 132.00 OK
r-patched-linux-x86_64 1.0.0 17.53 33.70 51.23 OK
r-patched-solaris-x86 1.0.0 78.20 NOTE
r-release-linux-x86_64 1.0.0 20.46 34.14 54.60 OK
r-release-windows-ix86+x86_64 1.0.0 46.00 68.00 114.00 OK
r-release-osx-x86_64 1.0.0 NOTE
r-oldrel-windows-ix86+x86_64 1.0.0 32.00 90.00 122.00 OK
r-oldrel-osx-x86_64 1.0.0 NOTE

Check Details

Version: 1.0.0
Check: dependencies in R code
Result: NOTE
    Namespace in Imports field not imported from: ‘R6’
     All declared Imports should be used.
Flavors: r-devel-linux-x86_64-fedora-clang, r-devel-linux-x86_64-fedora-gcc, r-patched-solaris-x86, r-release-osx-x86_64, r-oldrel-osx-x86_64