CRAN Package Check Results for Package scales

Last updated on 2018-12-09 02:46:37 CET.

Flavor Version Tinstall Tcheck Ttotal Status Flags
r-devel-linux-x86_64-debian-clang 1.0.0 16.95 36.26 53.21 OK
r-devel-linux-x86_64-debian-gcc 1.0.0 15.68 28.38 44.06 OK
r-devel-linux-x86_64-fedora-clang 1.0.0 68.83 NOTE
r-devel-linux-x86_64-fedora-gcc 1.0.0 68.69 NOTE
r-devel-windows-ix86+x86_64 1.0.0 45.00 68.00 113.00 OK
r-patched-linux-x86_64 1.0.0 19.29 33.89 53.18 OK
r-patched-solaris-x86 1.0.0 80.30 NOTE
r-release-linux-x86_64 1.0.0 20.02 34.47 54.49 OK
r-release-windows-ix86+x86_64 1.0.0 44.00 67.00 111.00 OK
r-release-osx-x86_64 1.0.0 NOTE
r-oldrel-windows-ix86+x86_64 1.0.0 33.00 91.00 124.00 OK
r-oldrel-osx-x86_64 1.0.0 NOTE

Check Details

Version: 1.0.0
Check: dependencies in R code
Result: NOTE
    Namespace in Imports field not imported from: ‘R6’
     All declared Imports should be used.
Flavors: r-devel-linux-x86_64-fedora-clang, r-devel-linux-x86_64-fedora-gcc, r-patched-solaris-x86, r-release-osx-x86_64, r-oldrel-osx-x86_64