CRAN Package Check Results for Package scales

Last updated on 2018-07-20 02:51:43 CEST.

Flavor Version Tinstall Tcheck Ttotal Status Flags
r-devel-linux-x86_64-debian-clang 0.5.0 15.84 31.59 47.43 OK
r-devel-linux-x86_64-debian-gcc 0.5.0 14.09 28.11 42.20 OK
r-devel-linux-x86_64-fedora-clang 0.5.0 65.35 NOTE
r-devel-linux-x86_64-fedora-gcc 0.5.0 62.02 NOTE
r-devel-windows-ix86+x86_64 0.5.0 35.00 96.00 131.00 OK
r-patched-linux-x86_64 0.5.0 15.76 32.61 48.37 OK
r-patched-solaris-x86 0.5.0 78.00 NOTE
r-release-linux-x86_64 0.5.0 17.32 32.50 49.82 OK
r-release-windows-ix86+x86_64 0.5.0 45.00 69.00 114.00 OK
r-release-osx-x86_64 0.5.0 NOTE
r-oldrel-windows-ix86+x86_64 0.5.0 46.00 69.00 115.00 OK
r-oldrel-osx-x86_64 0.5.0 NOTE

Check Details

Version: 0.5.0
Check: dependencies in R code
Result: NOTE
    Namespace in Imports field not imported from: ‘R6’
     All declared Imports should be used.
Flavors: r-devel-linux-x86_64-fedora-clang, r-devel-linux-x86_64-fedora-gcc, r-patched-solaris-x86, r-release-osx-x86_64, r-oldrel-osx-x86_64