Last updated on 2021-04-22 23:49:54 CEST.
Flavor | Version | Tinstall | Tcheck | Ttotal | Status | Flags |
---|---|---|---|---|---|---|
r-devel-linux-x86_64-debian-clang | 1.0 | 17.84 | 164.85 | 182.69 | NOTE | |
r-devel-linux-x86_64-debian-gcc | 1.0 | 14.86 | 121.29 | 136.15 | NOTE | |
r-devel-linux-x86_64-fedora-clang | 1.0 | 216.78 | NOTE | |||
r-devel-linux-x86_64-fedora-gcc | 1.0 | 209.00 | NOTE | |||
r-devel-windows-ix86+x86_64 | 1.0 | 44.00 | 189.00 | 233.00 | OK | |
r-devel-windows-x86_64-gcc10-UCRT | 1.0 | OK | ||||
r-patched-linux-x86_64 | 1.0 | 17.21 | 148.69 | 165.90 | NOTE | |
r-patched-solaris-x86 | 1.0 | 315.70 | NOTE | |||
r-release-linux-x86_64 | 1.0 | 18.06 | 147.73 | 165.79 | NOTE | |
r-release-macos-x86_64 | 1.0 | ERROR | ||||
r-release-windows-ix86+x86_64 | 1.0 | 44.00 | 206.00 | 250.00 | OK | |
r-oldrel-macos-x86_64 | 1.0 | ERROR | ||||
r-oldrel-windows-ix86+x86_64 | 1.0 | 39.00 | 181.00 | 220.00 | OK |
Version: 1.0
Check: for non-standard things in the check directory
Result: NOTE
Found the following files/directories:
'untitled_consensus_cluster'
Flavors: r-devel-linux-x86_64-debian-clang, r-devel-linux-x86_64-debian-gcc, r-devel-linux-x86_64-fedora-clang, r-devel-linux-x86_64-fedora-gcc, r-patched-linux-x86_64, r-patched-solaris-x86, r-release-linux-x86_64
Version: 1.0
Check: package dependencies
Result: ERROR
Packages required but not available: 'ALL', 'ConsensusClusterPlus'
See section ‘The DESCRIPTION file’ in the ‘Writing R Extensions’
manual.
Flavors: r-release-macos-x86_64, r-oldrel-macos-x86_64