CRAN Package Check Results for Package sbw

Last updated on 2022-01-22 23:52:22 CET.

Flavor Version Tinstall Tcheck Ttotal Status Flags
r-devel-linux-x86_64-debian-clang 1.1.5 9.24 82.94 92.18 NOTE
r-devel-linux-x86_64-debian-gcc 1.1.5 6.57 63.13 69.70 NOTE
r-devel-linux-x86_64-fedora-clang 1.1.5 113.33 NOTE
r-devel-linux-x86_64-fedora-gcc 1.1.5 100.88 NOTE
r-devel-windows-x86_64-new-UL 1.1.5 21.00 97.00 118.00 NOTE
r-devel-windows-x86_64-new-TK 1.1.5 NOTE
r-patched-linux-x86_64 1.1.5 8.52 79.80 88.32 NOTE
r-release-linux-x86_64 1.1.5 8.12 79.90 88.02 NOTE
r-release-macos-arm64 1.1.5 NOTE
r-release-macos-x86_64 1.1.5 NOTE
r-release-windows-ix86+x86_64 1.1.5 25.00 94.00 119.00 NOTE
r-oldrel-macos-x86_64 1.1.5 NOTE
r-oldrel-windows-ix86+x86_64 1.1.5 22.00 91.00 113.00 NOTE

Check Details

Version: 1.1.5
Check: package dependencies
Result: NOTE
    Packages which this enhances but not available for checking:
     'gurobi', 'pogs'
Flavors: r-devel-linux-x86_64-debian-clang, r-devel-linux-x86_64-debian-gcc, r-patched-linux-x86_64, r-release-linux-x86_64

Version: 1.1.5
Check: package dependencies
Result: NOTE
    Packages which this enhances but not available for checking:
     'gurobi', 'Rcplex', 'pogs'
Flavors: r-devel-linux-x86_64-fedora-clang, r-devel-linux-x86_64-fedora-gcc, r-devel-windows-x86_64-new-UL, r-devel-windows-x86_64-new-TK, r-release-macos-arm64, r-release-macos-x86_64, r-release-windows-ix86+x86_64, r-oldrel-macos-x86_64, r-oldrel-windows-ix86+x86_64