CRAN Package Check Results for Package santaR

Last updated on 2019-06-07 02:51:09 CEST.

Flavor Version Tinstall Tcheck Ttotal Status Flags
r-devel-linux-x86_64-debian-clang 1.0 4.86 172.42 177.28 OK
r-devel-linux-x86_64-debian-gcc 1.0 4.23 130.80 135.03 OK
r-devel-linux-x86_64-fedora-clang 1.0 214.71 NOTE
r-devel-linux-x86_64-fedora-gcc 1.0 203.38 NOTE
r-devel-windows-ix86+x86_64 1.0 20.00 167.00 187.00 OK
r-patched-linux-x86_64 1.0 6.42 170.33 176.75 OK
r-patched-solaris-x86 1.0 252.50 NOTE
r-release-linux-x86_64 1.0 5.95 170.62 176.57 OK
r-release-windows-ix86+x86_64 1.0 21.00 219.00 240.00 OK
r-release-osx-x86_64 1.0 ERROR
r-oldrel-windows-ix86+x86_64 1.0 8.00 207.00 215.00 OK
r-oldrel-osx-x86_64 1.0 NOTE

Check Details

Version: 1.0
Check: dependencies in R code
Result: NOTE
    Namespace in Imports field not imported from: ‘gridExtra’
     All declared Imports should be used.
Flavors: r-devel-linux-x86_64-fedora-clang, r-devel-linux-x86_64-fedora-gcc, r-patched-solaris-x86, r-oldrel-osx-x86_64

Version: 1.0
Check: package dependencies
Result: ERROR
    Package required but not available: ‘pcaMethods’
    
    See section ‘The DESCRIPTION file’ in the ‘Writing R Extensions’
    manual.
Flavor: r-release-osx-x86_64