CRAN Package Check Results for Package santaR

Last updated on 2019-09-08 23:47:24 CEST.

Flavor Version Tinstall Tcheck Ttotal Status Flags
r-devel-linux-x86_64-debian-clang 1.0 OK
r-devel-linux-x86_64-debian-gcc 1.0 4.82 133.76 138.58 OK
r-devel-linux-x86_64-fedora-clang 1.0 223.11 NOTE
r-devel-linux-x86_64-fedora-gcc 1.0 230.93 NOTE
r-devel-windows-ix86+x86_64 1.0 30.00 235.00 265.00 OK
r-patched-linux-x86_64 1.0 5.46 171.43 176.89 OK
r-patched-solaris-x86 1.0 244.70 NOTE
r-release-linux-x86_64 1.0 4.83 171.54 176.37 OK
r-release-windows-ix86+x86_64 1.0 14.00 162.00 176.00 OK
r-release-osx-x86_64 1.0 ERROR
r-oldrel-windows-ix86+x86_64 1.0 16.00 156.00 172.00 OK
r-oldrel-osx-x86_64 1.0 NOTE

Check Details

Version: 1.0
Check: dependencies in R code
Result: NOTE
    Namespace in Imports field not imported from: ‘gridExtra’
     All declared Imports should be used.
Flavors: r-devel-linux-x86_64-fedora-clang, r-devel-linux-x86_64-fedora-gcc, r-patched-solaris-x86, r-oldrel-osx-x86_64

Version: 1.0
Check: package dependencies
Result: ERROR
    Package required but not available: ‘pcaMethods’
    
    See section ‘The DESCRIPTION file’ in the ‘Writing R Extensions’
    manual.
Flavor: r-release-osx-x86_64