CRAN Package Check Results for Package sanic

Last updated on 2022-01-21 23:49:00 CET.

Flavor Version Tinstall Tcheck Ttotal Status Flags
r-devel-linux-x86_64-debian-clang 0.0.1 111.28 67.40 178.68 OK
r-devel-linux-x86_64-debian-gcc 0.0.1 86.68 56.52 143.20 OK
r-devel-linux-x86_64-fedora-clang 0.0.1 253.08 NOTE
r-devel-linux-x86_64-fedora-gcc 0.0.1 232.45 OK
r-devel-windows-x86_64-new-UL 0.0.1 82.00 109.00 191.00 OK
r-devel-windows-x86_64-new-TK 0.0.1 OK
r-patched-linux-x86_64 0.0.1 98.12 71.08 169.20 OK
r-release-linux-x86_64 0.0.1 91.55 70.06 161.61 OK
r-release-macos-arm64 0.0.1 NOTE
r-release-macos-x86_64 0.0.1 NOTE
r-release-windows-ix86+x86_64 0.0.1 246.00 122.00 368.00 OK
r-oldrel-macos-x86_64 0.0.1 NOTE
r-oldrel-windows-ix86+x86_64 0.0.1 241.00 118.00 359.00 OK

Check Details

Version: 0.0.1
Check: installed package size
Result: NOTE
     installed size is 21.2Mb
     sub-directories of 1Mb or more:
     libs 21.1Mb
Flavors: r-devel-linux-x86_64-fedora-clang, r-release-macos-arm64, r-release-macos-x86_64, r-oldrel-macos-x86_64