CRAN Package Check Results for Package sampleSelection

Last updated on 2021-02-23 23:50:46 CET.

Flavor Version Tinstall Tcheck Ttotal Status Flags
r-devel-linux-x86_64-debian-clang 1.2-12 16.78 409.27 426.05 OK
r-devel-linux-x86_64-debian-gcc 1.2-12 14.66 295.59 310.25 OK
r-devel-linux-x86_64-fedora-clang 1.2-12 502.51 OK
r-devel-linux-x86_64-fedora-gcc 1.2-12 487.72 OK
r-devel-windows-ix86+x86_64 1.2-12 23.00 348.00 371.00 OK
r-patched-linux-x86_64 1.2-12 15.55 379.60 395.15 OK
r-patched-solaris-x86 1.2-12 618.50 OK
r-release-linux-x86_64 1.2-12 16.75 377.24 393.99 OK
r-release-macos-x86_64 1.2-12 OK
r-release-windows-ix86+x86_64 1.2-12 38.00 507.00 545.00 OK
r-oldrel-macos-x86_64 1.2-12 NOTE
r-oldrel-windows-ix86+x86_64 1.2-12 23.00 436.00 459.00 OK

Check Details

Version: 1.2-12
Check: re-building of vignette outputs
Result: NOTE
    Error(s) in re-building vignettes:
    --- re-building ‘intReg.Rnw’ using Sweave
    Loading required package: miscTools
    
    Please cite the 'maxLik' package as:
    Henningsen, Arne and Toomet, Ott (2011). maxLik: A package for maximum likelihood estimation in R. Computational Statistics 26(3), 443-458. DOI 10.1007/s00180-010-0217-1.
    
    If you have questions, suggestions, or comments regarding the 'maxLik' package, please use a forum or 'tracker' at maxLik's R-Forge site:
    https://r-forge.r-project.org/projects/maxlik/
    Loading required package: zoo
    
    Attaching package: ‘zoo’
    
    The following objects are masked from ‘package:base’:
    
     as.Date, as.Date.numeric
    
    --- finished re-building ‘intReg.Rnw’
    
    --- re-building ‘selection.Rnw’ using Sweave
    Loading required package: maxLik
    Loading required package: miscTools
    
    Please cite the 'maxLik' package as:
    Henningsen, Arne and Toomet, Ott (2011). maxLik: A package for maximum likelihood estimation in R. Computational Statistics 26(3), 443-458. DOI 10.1007/s00180-010-0217-1.
    
    If you have questions, suggestions, or comments regarding the 'maxLik' package, please use a forum or 'tracker' at maxLik's R-Forge site:
    https://r-forge.r-project.org/projects/maxlik/
    Warning in sqrt(diag(vc)) : NaNs produced
    Warning in sqrt(diag(vc)) : NaNs produced
    Warning in sqrt(diag(vcov(object, part = "full"))) : NaNs produced
    Warning in sqrt(diag(vc)) : NaNs produced
    Warning in sqrt(diag(vc)) : NaNs produced
    Warning in sqrt(diag(vcov(object, part = "full"))) : NaNs produced
    --- finished re-building ‘selection.Rnw’
    
    --- re-building ‘treatReg.Rnw’ using Sweave
    Loading required package: maxLik
    Loading required package: miscTools
    
    Please cite the 'maxLik' package as:
    Henningsen, Arne and Toomet, Ott (2011). maxLik: A package for maximum likelihood estimation in R. Computational Statistics 26(3), 443-458. DOI 10.1007/s00180-010-0217-1.
    
    If you have questions, suggestions, or comments regarding the 'maxLik' package, please use a forum or 'tracker' at maxLik's R-Forge site:
    https://r-forge.r-project.org/projects/maxlik/
    Error: processing vignette 'treatReg.Rnw' failed with diagnostics:
    Running 'texi2dvi' on 'treatReg.tex' failed.
    LaTeX errors:
    !pdfTeX error: pdflatex (file bbm10): Font bbm10 at 600 not found
     ==> Fatal error occurred, no output PDF file produced!
    --- failed re-building ‘treatReg.Rnw’
    
    SUMMARY: processing the following file failed:
     ‘treatReg.Rnw’
    
    Error: Vignette re-building failed.
    Execution halted
Flavor: r-oldrel-macos-x86_64