CRAN Package Check Results for Package sahpm

Last updated on 2024-06-25 00:58:14 CEST.

Flavor Version Tinstall Tcheck Ttotal Status Flags
r-devel-linux-x86_64-debian-clang 1.0.1 2.56 28.37 30.93 OK
r-devel-linux-x86_64-debian-gcc 1.0.1 1.93 21.09 23.02 OK
r-devel-linux-x86_64-fedora-clang 1.0.1 37.98 NOTE
r-devel-linux-x86_64-fedora-gcc 1.0.1 36.24 NOTE
r-devel-windows-x86_64 1.0.1 4.00 40.00 44.00 OK
r-patched-linux-x86_64 1.0.1 2.70 27.31 30.01 OK
r-release-linux-x86_64 1.0.1 2.46 26.78 29.24 OK
r-release-macos-arm64 1.0.1 14.00 OK
r-release-macos-x86_64 1.0.1 23.00 OK
r-release-windows-x86_64 1.0.1 2.00 41.00 43.00 OK
r-oldrel-macos-arm64 1.0.1 17.00 OK
r-oldrel-macos-x86_64 1.0.1 22.00 OK
r-oldrel-windows-x86_64 1.0.1 4.00 44.00 48.00 OK

Check Details

Version: 1.0.1
Check: dependencies in R code
Result: NOTE Namespace in Imports field not imported from: ‘mvtnorm’ All declared Imports should be used. Flavors: r-devel-linux-x86_64-fedora-clang, r-devel-linux-x86_64-fedora-gcc