CRAN Package Check Results for Package saeTrafo

Last updated on 2022-11-29 22:53:47 CET.

Flavor Version Tinstall Tcheck Ttotal Status Flags
r-devel-linux-x86_64-debian-clang 1.0.0 25.33 201.70 227.03 OK
r-devel-linux-x86_64-debian-gcc 1.0.0 19.31 152.61 171.92 OK
r-devel-linux-x86_64-fedora-clang 1.0.0 293.26 NOTE
r-devel-linux-x86_64-fedora-gcc 1.0.0 286.72 NOTE
r-devel-windows-x86_64 1.0.0 35.00 226.00 261.00 OK
r-patched-linux-x86_64 1.0.0 21.69 191.03 212.72 OK
r-release-linux-x86_64 1.0.0 15.89 191.42 207.31 OK
r-release-macos-arm64 1.0.0 125.00 NOTE
r-release-macos-x86_64 1.0.0 172.00 NOTE
r-release-windows-x86_64 1.0.0 59.00 228.00 287.00 OK
r-oldrel-macos-arm64 1.0.0 100.00 NOTE
r-oldrel-macos-x86_64 1.0.0 161.00 NOTE
r-oldrel-windows-ix86+x86_64 1.0.0 43.00 225.00 268.00 OK

Check Details

Version: 1.0.0
Check: data for non-ASCII characters
Result: NOTE
     Note: found 63 marked Latin-1 strings
Flavors: r-devel-linux-x86_64-fedora-clang, r-devel-linux-x86_64-fedora-gcc, r-release-macos-arm64, r-release-macos-x86_64, r-oldrel-macos-arm64, r-oldrel-macos-x86_64