CRAN Package Check Results for Package saeHB.twofold

Last updated on 2022-12-04 23:53:44 CET.

Flavor Version Tinstall Tcheck Ttotal Status Flags
r-devel-linux-x86_64-debian-clang 0.1.1 3.60 68.96 72.56 OK
r-devel-linux-x86_64-debian-gcc 0.1.1 3.40 55.98 59.38 OK
r-devel-linux-x86_64-fedora-clang 0.1.1 101.85 OK
r-devel-linux-x86_64-fedora-gcc 0.1.1 94.82 OK
r-devel-windows-x86_64 0.1.1 25.00 97.00 122.00 OK
r-patched-linux-x86_64 0.1.1 4.37 70.87 75.24 OK
r-release-linux-x86_64 0.1.1 3.00 64.10 67.10 OK
r-release-macos-arm64 0.1.1 27.00 OK
r-release-macos-x86_64 0.1.1 43.00 NOTE
r-release-windows-x86_64 0.1.1 5.00 98.00 103.00 OK
r-oldrel-macos-arm64 0.1.1 27.00 OK
r-oldrel-macos-x86_64 0.1.1 43.00 OK
r-oldrel-windows-ix86+x86_64 0.1.1 8.00 85.00 93.00 OK

Check Details

Version: 0.1.1
Check: package dependencies
Result: NOTE
    Package suggested but not available for checking: ‘saeHB’
Flavor: r-release-macos-x86_64