CRAN Package Check Results for Package sBIC

Last updated on 2024-06-18 00:57:38 CEST.

Flavor Version Tinstall Tcheck Ttotal Status Flags
r-devel-linux-x86_64-debian-clang 0.2.0 25.15 77.81 102.96 NOTE
r-devel-linux-x86_64-debian-gcc 0.2.0 15.85 58.33 74.18 NOTE
r-devel-linux-x86_64-fedora-clang 0.2.0 135.67 NOTE
r-devel-linux-x86_64-fedora-gcc 0.2.0 313.27 NOTE
r-devel-windows-x86_64 0.2.0 22.00 96.00 118.00 NOTE
r-patched-linux-x86_64 0.2.0 19.85 74.55 94.40 NOTE
r-release-linux-x86_64 0.2.0 17.88 76.27 94.15 NOTE
r-release-macos-arm64 0.2.0 93.00 NOTE
r-release-macos-x86_64 0.2.0 161.00 NOTE
r-release-windows-x86_64 0.2.0 21.00 98.00 119.00 NOTE
r-oldrel-macos-arm64 0.2.0 91.00 OK
r-oldrel-macos-x86_64 0.2.0 123.00 OK
r-oldrel-windows-x86_64 0.2.0 26.00 113.00 139.00 OK

Check Details

Version: 0.2.0
Check: Rd files
Result: NOTE checkRd: (-1) setData.ReducedRankRegressions.Rd:14-16: Lost braces in \itemize; meant \describe ? checkRd: (-1) setData.ReducedRankRegressions.Rd:17-18: Lost braces in \itemize; meant \describe ? Flavors: r-devel-linux-x86_64-debian-clang, r-devel-linux-x86_64-debian-gcc, r-devel-linux-x86_64-fedora-clang, r-devel-linux-x86_64-fedora-gcc, r-devel-windows-x86_64, r-patched-linux-x86_64, r-release-linux-x86_64, r-release-macos-arm64, r-release-macos-x86_64, r-release-windows-x86_64

Version: 0.2.0
Check: compiled code
Result: NOTE File ‘sBIC/libs/sBIC.so’: Found no calls to: ‘R_registerRoutines’, ‘R_useDynamicSymbols’ It is good practice to register native routines and to disable symbol search. See ‘Writing portable packages’ in the ‘Writing R Extensions’ manual. Flavors: r-devel-linux-x86_64-fedora-clang, r-devel-linux-x86_64-fedora-gcc