CRAN Package Check Results for Package s2

Last updated on 2022-10-05 23:55:12 CEST.

Flavor Version Tinstall Tcheck Ttotal Status Flags
r-devel-linux-x86_64-debian-clang 1.1.0 606.94 69.22 676.16 OK
r-devel-linux-x86_64-debian-gcc 1.1.0 556.79 53.76 610.55 OK
r-devel-linux-x86_64-fedora-clang 1.1.0 1163.48 WARN
r-devel-linux-x86_64-fedora-gcc 1.1.0 1063.74 WARN
r-devel-windows-x86_64 1.1.0 734.00 180.00 914.00 NOTE
r-patched-linux-x86_64 1.1.0 585.02 67.25 652.27 OK
r-release-linux-x86_64 1.1.0 578.85 67.46 646.31 OK
r-release-macos-arm64 1.1.0 214.00 NOTE
r-release-macos-x86_64 1.1.0 283.00 NOTE
r-release-windows-x86_64 1.1.0 688.00 174.00 862.00 NOTE
r-oldrel-macos-arm64 1.1.0 192.00 NOTE
r-oldrel-macos-x86_64 1.1.0 275.00 NOTE
r-oldrel-windows-ix86+x86_64 1.1.0 1563.00 186.00 1749.00 NOTE

Check Details

Version: 1.1.0
Check: whether package can be installed
Result: WARN
    Found the following significant warnings:
     /data/gannet/ripley/R/test-clang/wk/include/wk-v1.h:101:32: warning: a function declaration without a prototype is deprecated in all versions of C [-Wstrict-prototypes]
     /data/gannet/ripley/R/test-clang/wk/include/wk-v1.h:106:28: warning: a function declaration without a prototype is deprecated in all versions of C [-Wstrict-prototypes]
     /data/gannet/ripley/R/test-clang/wk/include/wk-v1-impl.c:50:32: warning: a function declaration without a prototype is deprecated in all versions of C [-Wstrict-prototypes]
     /data/gannet/ripley/R/test-clang/wk/include/wk-v1-impl.c:148:28: warning: a function declaration without a prototype is deprecated in all versions of C [-Wstrict-prototypes]
Flavor: r-devel-linux-x86_64-fedora-clang

Version: 1.1.0
Check: Rd cross-references
Result: NOTE
    Undeclared package ‘sf’ in Rd xrefs
Flavor: r-devel-linux-x86_64-fedora-clang

Version: 1.1.0
Check: whether package can be installed
Result: WARN
    Found the following significant warnings:
     /data/gannet/ripley/R/test-dev/wk/include/wk-v1.h:101:1: warning: function declaration isn’t a prototype [-Wstrict-prototypes]
     /data/gannet/ripley/R/test-dev/wk/include/wk-v1.h:106:1: warning: function declaration isn’t a prototype [-Wstrict-prototypes]
     /data/gannet/ripley/R/test-dev/wk/include/wk-v1-impl.c:50:15: warning: function declaration isn’t a prototype [-Wstrict-prototypes]
     /data/gannet/ripley/R/test-dev/wk/include/wk-v1-impl.c:148:13: warning: function declaration isn’t a prototype [-Wstrict-prototypes]
Flavor: r-devel-linux-x86_64-fedora-gcc

Version: 1.1.0
Check: installed package size
Result: NOTE
     installed size is 6.5Mb
     sub-directories of 1Mb or more:
     libs 5.4Mb
Flavors: r-devel-windows-x86_64, r-release-macos-arm64, r-release-macos-x86_64, r-release-windows-x86_64, r-oldrel-macos-arm64, r-oldrel-macos-x86_64, r-oldrel-windows-ix86+x86_64