CRAN Package Check Results for Package ruta

Last updated on 2022-12-03 23:56:25 CET.

Flavor Version Tinstall Tcheck Ttotal Status Flags
r-devel-linux-x86_64-debian-clang 1.1.0 6.37 55.51 61.88 NOTE
r-devel-linux-x86_64-debian-gcc 1.1.0 5.34 42.68 48.02 NOTE
r-devel-linux-x86_64-fedora-clang 1.1.0 88.74 NOTE
r-devel-linux-x86_64-fedora-gcc 1.1.0 86.41 NOTE
r-devel-windows-x86_64 1.1.0 33.00 104.00 137.00 NOTE
r-patched-linux-x86_64 1.1.0 6.98 51.07 58.05 NOTE
r-release-linux-x86_64 1.1.0 5.68 49.30 54.98 NOTE
r-release-macos-arm64 1.1.0 25.00 NOTE
r-release-macos-x86_64 1.1.0 47.00 NOTE
r-release-windows-x86_64 1.1.0 75.00 102.00 177.00 NOTE
r-oldrel-macos-arm64 1.1.0 35.00 NOTE
r-oldrel-macos-x86_64 1.1.0 40.00 NOTE
r-oldrel-windows-ix86+x86_64 1.1.0 13.00 80.00 93.00 NOTE

Additional issues

donttest

Check Details

Version: 1.1.0
Check: LazyData
Result: NOTE
     'LazyData' is specified without a 'data' directory
Flavors: r-devel-linux-x86_64-debian-clang, r-devel-linux-x86_64-debian-gcc, r-devel-linux-x86_64-fedora-clang, r-devel-linux-x86_64-fedora-gcc, r-devel-windows-x86_64, r-patched-linux-x86_64, r-release-linux-x86_64, r-release-macos-arm64, r-release-macos-x86_64, r-release-windows-x86_64, r-oldrel-macos-arm64, r-oldrel-macos-x86_64, r-oldrel-windows-ix86+x86_64